{"id":19723,"date":"2024-09-03T12:01:32","date_gmt":"2024-09-03T16:01:32","guid":{"rendered":"https:\/\/www.franciscansusa.org\/?post_type=event&#038;p=19723"},"modified":"2024-09-18T15:59:58","modified_gmt":"2024-09-18T19:59:58","slug":"owls-and-antlers-opening-reception","status":"publish","type":"event","link":"https:\/\/www.franciscansusa.org\/de\/event\/owls-and-antlers-opening-reception\/","title":{"rendered":"Eulen und Geweihe \u2026 Weisheit und St\u00e4rke \u2013 Kunstausstellung von Penny Sisto \u2013 Er\u00f6ffnungsempfang"},"content":{"rendered":"<section class=\"l-section wpb_row height_medium\"><div class=\"l-section-h i-cf\"><div class=\"g-cols vc_row via_flex valign_top type_default stacking_default\"><div class=\"vc_col-sm-8 wpb_column vc_column_container\"><div class=\"vc_column-inner\"><div class=\"wpb_wrapper\"><div class=\"w-image align_none\"><div class=\"w-image-h\"><img decoding=\"async\" width=\"1024\" height=\"660\" src=\"https:\/\/www.franciscansusa.org\/wp-content\/uploads\/2024\/09\/Screenshot-2024-09-18-at-3.10.59\u202fPM-e1726686807579-1024x660.png\" class=\"attachment-large size-large\" alt=\"\" loading=\"lazy\" srcset=\"https:\/\/www.franciscansusa.org\/wp-content\/uploads\/2024\/09\/Screenshot-2024-09-18-at-3.10.59\u202fPM-e1726686807579-1024x660.png 1024w, https:\/\/www.franciscansusa.org\/wp-content\/uploads\/2024\/09\/Screenshot-2024-09-18-at-3.10.59\u202fPM-e1726686807579-300x193.png 300w, https:\/\/www.franciscansusa.org\/wp-content\/uploads\/2024\/09\/Screenshot-2024-09-18-at-3.10.59\u202fPM-e1726686807579-18x12.png 18w, https:\/\/www.franciscansusa.org\/wp-content\/uploads\/2024\/09\/Screenshot-2024-09-18-at-3.10.59\u202fPM-e1726686807579-150x97.png 150w, https:\/\/www.franciscansusa.org\/wp-content\/uploads\/2024\/09\/Screenshot-2024-09-18-at-3.10.59\u202fPM-e1726686807579-600x387.png 600w, https:\/\/www.franciscansusa.org\/wp-content\/uploads\/2024\/09\/Screenshot-2024-09-18-at-3.10.59\u202fPM-e1726686807579.png 1597w\" sizes=\"auto, (max-width: 1024px) 100vw, 1024px\" \/><\/div><\/div><div class=\"w-separator size_small\"><\/div><div class=\"wpb_text_column\"><div class=\"wpb_wrapper\"><h2>Owls and Antlers&#8230;Wisdom and Strength &#8211; Opening Reception<\/h2>\n<p><strong>Date and Time:<\/strong> Friday, October 11th, 6:30 PM<\/p>\n<p><strong>Place:<\/strong> St. Anthony Hall<br \/>\nMount Saint Francis &#8211; Center for Spirituality<br \/>\n101 St. Anthony Dr.<br \/>\nMount Saint Francis, IN 47146<\/p>\n<p>Join us for the opening reception of &#8220;Owls and Antlers&#8230;Wisdom and Strength,&#8221; a profound quilt exhibition by renowned artist Penny Sisto. Created in the wake of a life-altering heart attack, these quilts reflect Penny&#8217;s deep gratitude for life, family, friends, and the practices that sustain the spirit\u2014art and yoga. Each piece in this collection is a testament to the wisdom we seek and the strength we muster as we navigate the winding paths of life.<\/p>\n<p><strong>K\u00fcnstler-Statement<\/strong><\/p>\n<p>It seems odd to give Thanks for a heart-attack..but that is what I do.<\/p>\n<p>Standing in the studio, suddenly hit with the worst pain of this lifetime I was drenched in sweat and for some reason I knew immediately what it was and I laid my body down on the cold floor of the studio and steadied my breath.<\/p>\n<p>Realizing that I had to get help quickly I slowly slid my body towards the studio door and called for Richard who was still out on the porch.<\/p>\n<p>He heard me and I said, \u00a0\u2018\u2019Please call the ambulance at Highlander Point , I am having a heart-attack.\u201d ..In less than five minutes they were here!<\/p>\n<p>As I lay on the floor I felt little or no fear..the overwhelming experience was one of Gratitude for this long Life, for Family and friends, for Art and Yoga.<\/p>\n<p>This group of quilts made during this period are echoes of what helps us deal with Life..Wisdom and Strength.<\/p>\n<p>In no way do I claim to have mastered either of them, but like all of us I do consciously strive to grow closer as this Lifetime winds down.<\/p>\n<p>Exhibit Runs: October 11th &#8211; November 27th<\/p>\n<p>Ausstellungsdaten und -zeiten:<br \/>\n<b>Friday, October 11 &#8211; Opening Reception &#8211; 6:30 pm<br \/>\n<\/b>Monday October 14 &#8211; 11:00 am \u2013 2:00 pm<br \/>\nTuesday, October 15 &#8211; 11:00 am \u2013 2:00 pm<br \/>\nWednesday, October 16, 11:00 am \u2013 2:00 pm<br \/>\nWednesday, October 23, 11:00 am \u2013 2:00 pm<br \/>\nMonday, October 28, 11:00 am \u2013 2:00 pm<br \/>\nTuesday, October 29, 11:00 am \u2013 2:00 pm<br \/>\nWednesday, October 30, 11:00 am \u2013 2:00 pm<br \/>\nWednesday, November 6, 11:00 am \u2013 2:00 pm<br \/>\nThursday, November 7, 11:00 am \u2013 2:00 pm<br \/>\nMonday, November 11, 11:00 am \u2013 2:00 pm<br \/>\nTuesday, November 12, 11:00 am \u2013 2:00 pm<br \/>\nWednesday, November 20, 11:00 am \u2013 2:00 pm<br \/>\nSunday, November 24, 11:00 am \u2013 2:00 pm<br \/>\nMonday, November 25, 11:00 am \u2013 2:00 pm<br \/>\nTuesday, November 26, 11:00 am \u2013 2:00 pm<br \/>\nWednesday, November 27, 11:00 am \u2013 2:00 pm<\/p>\n<p>Ort: St. Anthony Hall<br \/>\nMount Saint Francis Zentrum f\u00fcr Spiritualit\u00e4t<br \/>\n101 St. Anthony Dr.<br \/>\nMount Saint Francis, IN 47146<\/p>\n<\/div><\/div><div class=\"w-separator size_medium\"><\/div><div class=\"g-cols wpb_row via_flex valign_top type_default stacking_default\"><div class=\"vc_col-sm-12 wpb_column vc_column_container\"><div class=\"vc_column-inner\"><div class=\"wpb_wrapper\"><div class=\"wpb_text_column\"><div class=\"wpb_wrapper\"><h4>Treffen Sie den K\u00fcnstler<\/h4>\n<\/div><\/div><div class=\"w-separator size_medium\"><\/div><\/div><\/div><\/div><div class=\"vc_col-sm-4 wpb_column vc_column_container\"><div class=\"vc_column-inner\"><div class=\"wpb_wrapper\"><div class=\"w-person layout_circle\" itemscope itemtype=\"https:\/\/schema.org\/Person\"><div class=\"w-person-image\"><img loading=\"lazy\" decoding=\"async\" width=\"800\" height=\"800\" src=\"https:\/\/www.franciscansusa.org\/wp-content\/uploads\/2022\/09\/IMG_3351.jpg\" class=\"attachment-full size-full\" alt=\"\" itemprop=\"image\" srcset=\"https:\/\/www.franciscansusa.org\/wp-content\/uploads\/2022\/09\/IMG_3351.jpg 800w, https:\/\/www.franciscansusa.org\/wp-content\/uploads\/2022\/09\/IMG_3351-150x150.jpg 150w, https:\/\/www.franciscansusa.org\/wp-content\/uploads\/2022\/09\/IMG_3351-300x300.jpg 300w, https:\/\/www.franciscansusa.org\/wp-content\/uploads\/2022\/09\/IMG_3351-12x12.jpg 12w, https:\/\/www.franciscansusa.org\/wp-content\/uploads\/2022\/09\/IMG_3351-600x600.jpg 600w, https:\/\/www.franciscansusa.org\/wp-content\/uploads\/2022\/09\/IMG_3351-400x400.jpg 400w, https:\/\/www.franciscansusa.org\/wp-content\/uploads\/2022\/09\/IMG_3351-25x25.jpg 25w\" sizes=\"auto, (max-width: 800px) 100vw, 800px\" \/><\/div><div class=\"w-person-content\"><h4 itemprop=\"name\" class=\"w-person-name\"><span>Penny Sisto<\/span><\/h4><\/div><\/div><\/div><\/div><\/div><div class=\"vc_col-sm-8 wpb_column vc_column_container\"><div class=\"vc_column-inner\"><div class=\"wpb_wrapper\"><div class=\"wpb_text_column\"><div class=\"wpb_wrapper\"><p>Penny Sisto ist eine international anerkannte K\u00fcnstlerin, die in den USA und im Ausland ausgestellt hat. Zu ihren internationalen Pr\u00e4sentationen geh\u00f6ren die Ausstellung einer Sammlung von Holocaust-Quilts im Torhaus von Auschwitz und eine Auswahl ihrer Sklaverei-Quilts, die 2008 im Royal Armories Museum in Leeds, England, ausgestellt wurden. Sie hat f\u00fcr ihre Kunstwerke zahlreiche Preise und Auszeichnungen erhalten und war Gegenstand zweier \u00f6ffentlich-rechtlicher Fernsehsendungen. Als Verfechterin sozialer Gerechtigkeit und des Friedens ist sie bekannt f\u00fcr die schwierigen Themen wie AIDS, Armut und Rassismus, die sie in ihren Werken thematisiert.<\/p>\n<p>Sisto wurde auf den Orkneyinseln vor der Nordspitze Schottlands geboren und lernte im Alter von drei Jahren das N\u00e4hen. Als Erwachsene arbeitete sie f\u00fcr das britische Entwicklungsministerium und nutzte ihre F\u00e4higkeiten als Hebamme, um in Gesundheitskliniken f\u00fcr die Massai, LuBukusu und Kikuyu in Ostafrika zu helfen. Ihre Zeit in Afrika inspirierte sie dazu, die Quilt-, Stick- und Applikationstechniken, die sie von ihrer Gro\u00dfmutter gelernt hatte, mit den Perlen- und Collagetechniken ihrer afrikanischen Freunde zu kombinieren. Dies f\u00fchrte zu dem unverwechselbaren Stil, der in ihren Arbeiten bis heute sichtbar ist.<\/p>\n<p>Penny Sisto erhielt zahlreiche Auftr\u00e4ge f\u00fcr Quilts, darunter vier Arbeiten f\u00fcr die Abtei Gethsemane, wo jedes Jahr zu Ostern und bei Trauerfeiern ein 28\u00d79 Fu\u00df gro\u00dfer Quilt mit dem Titel \u201eAuferstandener Christus\u201c h\u00e4ngt. Weitere Sammlungen mit Werken von Sisto sind: Sisters of Charity, Sisters of Loretto, Thomas Merton International Studies Center, Spalding University, Kennedy Family und das Peabody Essex Museum in Massachusetts. Zu den Stipendien, die Penny Sisto erhielt, geh\u00f6ren: Kentucky Foundation for Women, Indiana Arts Commission, Master Fellowship und New Directions and Southern Arts. 1993 wurde sie f\u00fcr ihre Arbeit zur F\u00f6rderung von Frieden und Gerechtigkeit mit dem Baha&#039;i Peace Award for Arts Promoting World Peace ausgezeichnet.<\/p>\n<\/div><\/div><\/div><\/div><\/div><\/div><\/div><\/div><\/div><div class=\"vc_col-sm-4 wpb_column vc_column_container\"><div class=\"vc_column-inner\"><div class=\"wpb_wrapper\"><div class=\"wpb_text_column\"><div class=\"wpb_wrapper\"><p><strong>Er\u00f6ffnungsempfang<br \/>\n<\/strong>Friday, October 11th, 6:30pm<\/p>\n<p><a href=\"https:\/\/www.franciscansusa.org\/de\/ereignis\/owls-and-antlers-opening-reception\/\">Mehr Infos<\/a><\/p>\n<p><strong>Ausstellungsdaten und -zeiten:<br \/>\n<\/strong>Exhibit Runs: October 11th &#8211; November 27th<\/p>\n<p><a href=\"https:\/\/www.franciscansusa.org\/de\/ereignis\/owls-and-antlers\/\">Mehr Infos<\/a><\/p>\n<p>&nbsp;<\/p>\n<p><strong>\u00a0<\/strong><\/p>\n<\/div><\/div><div class=\"w-separator size_small\"><\/div><\/div><\/div><\/div><\/div><\/div><\/section>","protected":false},"featured_media":19823,"menu_order":0,"template":"","event_category":[101],"class_list":["post-19723","event","type-event","status-publish","has-post-thumbnail","hentry","event_category-past-events"],"publishpress_future_action":{"enabled":false,"date":"2026-09-07 05:26:15","action":"category","newStatus":"draft","terms":[],"taxonomy":"event_category","extraData":[]},"publishpress_future_workflow_manual_trigger":{"enabledWorkflows":[]},"_links":{"self":[{"href":"https:\/\/www.franciscansusa.org\/de\/wp-json\/wp\/v2\/event\/19723","targetHints":{"allow":["GET"]}}],"collection":[{"href":"https:\/\/www.franciscansusa.org\/de\/wp-json\/wp\/v2\/event"}],"about":[{"href":"https:\/\/www.franciscansusa.org\/de\/wp-json\/wp\/v2\/types\/event"}],"wp:featuredmedia":[{"embeddable":true,"href":"https:\/\/www.franciscansusa.org\/de\/wp-json\/wp\/v2\/media\/19823"}],"wp:attachment":[{"href":"https:\/\/www.franciscansusa.org\/de\/wp-json\/wp\/v2\/media?parent=19723"}],"wp:term":[{"taxonomy":"event_category","embeddable":true,"href":"https:\/\/www.franciscansusa.org\/de\/wp-json\/wp\/v2\/event_category?post=19723"}],"curies":[{"name":"wp","href":"https:\/\/api.w.org\/{rel}","templated":true}]}}

Eulen und Geweihe … Weisheit und Stärke – Kunstausstellung von Penny Sisto – Eröffnungsempfang

<section class="l-section wpb_row height_medium"><div class="l-section-h i-cf"><div class="g-cols vc_row via_flex valign_top type_default stacking_default"><div class="vc_col-sm-8 wpb_column vc_column_container"><div class="vc_column-inner"><div class="wpb_wrapper"><div class="w-image align_none"><div class="w-image-h"><img decoding="async" width="1024" height="660" src="https://www.franciscansusa.org/wp-content/uploads/2024/09/Screenshot-2024-09-18-at-3.10.59 PM-e1726686807579-1024x660.png" class="attachment-large size-large" alt="" loading="lazy" srcset="https://www.franciscansusa.org/wp-content/uploads/2024/09/Screenshot-2024-09-18-at-3.10.59 PM-e1726686807579-1024x660.png 1024w, https://www.franciscansusa.org/wp-content/uploads/2024/09/Screenshot-2024-09-18-at-3.10.59 PM-e1726686807579-300x193.png 300w, https://www.franciscansusa.org/wp-content/uploads/2024/09/Screenshot-2024-09-18-at-3.10.59 PM-e1726686807579-18x12.png 18w, https://www.franciscansusa.org/wp-content/uploads/2024/09/Screenshot-2024-09-18-at-3.10.59 PM-e1726686807579-150x97.png 150w, https://www.franciscansusa.org/wp-content/uploads/2024/09/Screenshot-2024-09-18-at-3.10.59 PM-e1726686807579-600x387.png 600w, https://www.franciscansusa.org/wp-content/uploads/2024/09/Screenshot-2024-09-18-at-3.10.59 PM-e1726686807579.png 1597w" sizes="auto, (max-width: 1024px) 100vw, 1024px" /></div></div><div class="w-separator size_small"></div><div class="wpb_text_column"><div class="wpb_wrapper"><h2>Owls and Antlers&#8230;Wisdom and Strength &#8211; Opening Reception</h2>
<p><strong>Date and Time:</strong> Friday, October 11th, 6:30 PM</p>
<p><strong>Place:</strong> St. Anthony Hall<br />
Mount Saint Francis &#8211; Center for Spirituality<br />
101 St. Anthony Dr.<br />
Mount Saint Francis, IN 47146</p>
<p>Join us for the opening reception of &#8220;Owls and Antlers&#8230;Wisdom and Strength,&#8221; a profound quilt exhibition by renowned artist Penny Sisto. Created in the wake of a life-altering heart attack, these quilts reflect Penny&#8217;s deep gratitude for life, family, friends, and the practices that sustain the spirit—art and yoga. Each piece in this collection is a testament to the wisdom we seek and the strength we muster as we navigate the winding paths of life.</p>
<p><strong>Künstler-Statement</strong></p>
<p>It seems odd to give Thanks for a heart-attack..but that is what I do.</p>
<p>Standing in the studio, suddenly hit with the worst pain of this lifetime I was drenched in sweat and for some reason I knew immediately what it was and I laid my body down on the cold floor of the studio and steadied my breath.</p>
<p>Realizing that I had to get help quickly I slowly slid my body towards the studio door and called for Richard who was still out on the porch.</p>
<p>He heard me and I said,  ‘’Please call the ambulance at Highlander Point , I am having a heart-attack.” ..In less than five minutes they were here!</p>
<p>As I lay on the floor I felt little or no fear..the overwhelming experience was one of Gratitude for this long Life, for Family and friends, for Art and Yoga.</p>
<p>This group of quilts made during this period are echoes of what helps us deal with Life..Wisdom and Strength.</p>
<p>In no way do I claim to have mastered either of them, but like all of us I do consciously strive to grow closer as this Lifetime winds down.</p>
<p>Exhibit Runs: October 11th &#8211; November 27th</p>
<p>Ausstellungsdaten und -zeiten:<br />
<b>Friday, October 11 &#8211; Opening Reception &#8211; 6:30 pm<br />
</b>Monday October 14 &#8211; 11:00 am – 2:00 pm<br />
Tuesday, October 15 &#8211; 11:00 am – 2:00 pm<br />
Wednesday, October 16, 11:00 am – 2:00 pm<br />
Wednesday, October 23, 11:00 am – 2:00 pm<br />
Monday, October 28, 11:00 am – 2:00 pm<br />
Tuesday, October 29, 11:00 am – 2:00 pm<br />
Wednesday, October 30, 11:00 am – 2:00 pm<br />
Wednesday, November 6, 11:00 am – 2:00 pm<br />
Thursday, November 7, 11:00 am – 2:00 pm<br />
Monday, November 11, 11:00 am – 2:00 pm<br />
Tuesday, November 12, 11:00 am – 2:00 pm<br />
Wednesday, November 20, 11:00 am – 2:00 pm<br />
Sunday, November 24, 11:00 am – 2:00 pm<br />
Monday, November 25, 11:00 am – 2:00 pm<br />
Tuesday, November 26, 11:00 am – 2:00 pm<br />
Wednesday, November 27, 11:00 am – 2:00 pm</p>
<p>Ort: St. Anthony Hall<br />
Mount Saint Francis Zentrum für Spiritualität<br />
101 St. Anthony Dr.<br />
Mount Saint Francis, IN 47146</p>
</div></div><div class="w-separator size_medium"></div><div class="g-cols wpb_row via_flex valign_top type_default stacking_default"><div class="vc_col-sm-12 wpb_column vc_column_container"><div class="vc_column-inner"><div class="wpb_wrapper"><div class="wpb_text_column"><div class="wpb_wrapper"><h4>Treffen Sie den Künstler</h4>
</div></div><div class="w-separator size_medium"></div></div></div></div><div class="vc_col-sm-4 wpb_column vc_column_container"><div class="vc_column-inner"><div class="wpb_wrapper"><div class="w-person layout_circle" itemscope itemtype="https://schema.org/Person"><div class="w-person-image"><img loading="lazy" decoding="async" width="800" height="800" src="https://www.franciscansusa.org/wp-content/uploads/2022/09/IMG_3351.jpg" class="attachment-full size-full" alt="" itemprop="image" srcset="https://www.franciscansusa.org/wp-content/uploads/2022/09/IMG_3351.jpg 800w, https://www.franciscansusa.org/wp-content/uploads/2022/09/IMG_3351-150x150.jpg 150w, https://www.franciscansusa.org/wp-content/uploads/2022/09/IMG_3351-300x300.jpg 300w, https://www.franciscansusa.org/wp-content/uploads/2022/09/IMG_3351-12x12.jpg 12w, https://www.franciscansusa.org/wp-content/uploads/2022/09/IMG_3351-600x600.jpg 600w, https://www.franciscansusa.org/wp-content/uploads/2022/09/IMG_3351-400x400.jpg 400w, https://www.franciscansusa.org/wp-content/uploads/2022/09/IMG_3351-25x25.jpg 25w" sizes="auto, (max-width: 800px) 100vw, 800px" /></div><div class="w-person-content"><h4 itemprop="name" class="w-person-name"><span>Penny Sisto</span></h4></div></div></div></div></div><div class="vc_col-sm-8 wpb_column vc_column_container"><div class="vc_column-inner"><div class="wpb_wrapper"><div class="wpb_text_column"><div class="wpb_wrapper"><p>Penny Sisto ist eine international anerkannte Künstlerin, die in den USA und im Ausland ausgestellt hat. Zu ihren internationalen Präsentationen gehören die Ausstellung einer Sammlung von Holocaust-Quilts im Torhaus von Auschwitz und eine Auswahl ihrer Sklaverei-Quilts, die 2008 im Royal Armories Museum in Leeds, England, ausgestellt wurden. Sie hat für ihre Kunstwerke zahlreiche Preise und Auszeichnungen erhalten und war Gegenstand zweier öffentlich-rechtlicher Fernsehsendungen. Als Verfechterin sozialer Gerechtigkeit und des Friedens ist sie bekannt für die schwierigen Themen wie AIDS, Armut und Rassismus, die sie in ihren Werken thematisiert.</p>
<p>Sisto wurde auf den Orkneyinseln vor der Nordspitze Schottlands geboren und lernte im Alter von drei Jahren das Nähen. Als Erwachsene arbeitete sie für das britische Entwicklungsministerium und nutzte ihre Fähigkeiten als Hebamme, um in Gesundheitskliniken für die Massai, LuBukusu und Kikuyu in Ostafrika zu helfen. Ihre Zeit in Afrika inspirierte sie dazu, die Quilt-, Stick- und Applikationstechniken, die sie von ihrer Großmutter gelernt hatte, mit den Perlen- und Collagetechniken ihrer afrikanischen Freunde zu kombinieren. Dies führte zu dem unverwechselbaren Stil, der in ihren Arbeiten bis heute sichtbar ist.</p>
<p>Penny Sisto erhielt zahlreiche Aufträge für Quilts, darunter vier Arbeiten für die Abtei Gethsemane, wo jedes Jahr zu Ostern und bei Trauerfeiern ein 28×9 Fuß großer Quilt mit dem Titel „Auferstandener Christus“ hängt. Weitere Sammlungen mit Werken von Sisto sind: Sisters of Charity, Sisters of Loretto, Thomas Merton International Studies Center, Spalding University, Kennedy Family und das Peabody Essex Museum in Massachusetts. Zu den Stipendien, die Penny Sisto erhielt, gehören: Kentucky Foundation for Women, Indiana Arts Commission, Master Fellowship und New Directions and Southern Arts. 1993 wurde sie für ihre Arbeit zur Förderung von Frieden und Gerechtigkeit mit dem Baha&#039;i Peace Award for Arts Promoting World Peace ausgezeichnet.</p>
</div></div></div></div></div></div></div></div></div><div class="vc_col-sm-4 wpb_column vc_column_container"><div class="vc_column-inner"><div class="wpb_wrapper"><div class="wpb_text_column"><div class="wpb_wrapper"><p><strong>Eröffnungsempfang<br />
</strong>Friday, October 11th, 6:30pm</p>
<p><a href="https://www.franciscansusa.org/de/ereignis/owls-and-antlers-opening-reception/">Mehr Infos</a></p>
<p><strong>Ausstellungsdaten und -zeiten:<br />
</strong>Exhibit Runs: October 11th &#8211; November 27th</p>
<p><a href="https://www.franciscansusa.org/de/ereignis/owls-and-antlers/">Mehr Infos</a></p>
<p>&nbsp;</p>
<p><strong> </strong></p>
</div></div><div class="w-separator size_small"></div></div></div></div></div></div></section>
