{"id":15904,"date":"2023-07-03T10:59:37","date_gmt":"2023-07-03T14:59:37","guid":{"rendered":"https:\/\/www.franciscansusa.org\/?post_type=event&#038;p=15904"},"modified":"2023-11-30T10:20:22","modified_gmt":"2023-11-30T15:20:22","slug":"trees-a-conversation-paintings-by-hagan-and-joe-mcgee-artist-talk","status":"publish","type":"event","link":"https:\/\/www.franciscansusa.org\/es\/event\/trees-a-conversation-paintings-by-hagan-and-joe-mcgee-artist-talk\/","title":{"rendered":"Trees: A Conversation \u2013 Pinturas de Hagan y Joe McGee \u2013 Artist Talk"},"content":{"rendered":"<div class=\"wpb-content-wrapper\"><section class=\"l-section wpb_row height_medium\"><div class=\"l-section-h i-cf\"><div class=\"g-cols vc_row type_default valign_top\"><div class=\"vc_col-sm-8 wpb_column vc_column_container\"><div class=\"vc_column-inner\"><div class=\"wpb_wrapper\"><div class=\"w-image align_center\"><div class=\"w-image-h\"><img loading=\"lazy\" decoding=\"async\" width=\"1024\" height=\"430\" src=\"https:\/\/www.franciscansusa.org\/wp-content\/uploads\/2023\/07\/Screenshot-2023-07-03-at-10.38.19-AM-1024x430.png\" class=\"attachment-large size-large\" alt=\"\" srcset=\"https:\/\/www.franciscansusa.org\/wp-content\/uploads\/2023\/07\/Screenshot-2023-07-03-at-10.38.19-AM-1024x430.png 1024w, https:\/\/www.franciscansusa.org\/wp-content\/uploads\/2023\/07\/Screenshot-2023-07-03-at-10.38.19-AM-300x126.png 300w, https:\/\/www.franciscansusa.org\/wp-content\/uploads\/2023\/07\/Screenshot-2023-07-03-at-10.38.19-AM-18x8.png 18w, https:\/\/www.franciscansusa.org\/wp-content\/uploads\/2023\/07\/Screenshot-2023-07-03-at-10.38.19-AM-150x63.png 150w, https:\/\/www.franciscansusa.org\/wp-content\/uploads\/2023\/07\/Screenshot-2023-07-03-at-10.38.19-AM-600x252.png 600w, https:\/\/www.franciscansusa.org\/wp-content\/uploads\/2023\/07\/Screenshot-2023-07-03-at-10.38.19-AM.png 1624w\" sizes=\"auto, (max-width: 1024px) 100vw, 1024px\" \/><\/div><\/div><div class=\"w-separator size_small\"><\/div><div class=\"wpb_text_column\" ><div class=\"wpb_wrapper\"><p>El artista Joe McGee compartir\u00e1 recuerdos de su padre, el artista folcl\u00f3rico de KY Hagan McGee, d. 2017, en una charla de galer\u00eda en el Centro Mary Anderson, Mt. Saint Francis, <strong>17 de agosto, 18:00<\/strong>. Joe describir\u00e1 la relaci\u00f3n que el arte jug\u00f3 en sus primeros a\u00f1os de vida y los de sus hermanos, el resultado del est\u00edmulo de sus padres y las &quot;lecciones de arte&quot; que su padre les dio a sus hijos peque\u00f1os en la mesa de la cocina. Todos sus hijos aprendieron que pod\u00edan pasar \u201ctiempos divertidos entreteni\u00e9ndose dibujando caras, caballos o \u00e1rboles\u201d. McGee tambi\u00e9n se referir\u00e1 a c\u00f3mo la nueva carrera art\u00edstica de Hagan, que comenz\u00f3 a los 65 a\u00f1os cuando se jubil\u00f3, trajo alegr\u00eda y satisfacci\u00f3n en los \u00faltimos 25 a\u00f1os de su larga vida.<\/p>\n<p>Galer\u00eda Fechas\/Horas<br \/>\nV\u00e1lido del 27 de julio al 31 de agosto<br \/>\nLunes, Mi\u00e9rcoles -11am \u2013 2pm, Jueves 4pm-7pm<\/p>\n<p>Lugar: Galer\u00eda del Centro Mary Anderson<br \/>\nCentro de Espiritualidad Mount Saint Francis<br \/>\n101 San Antonio Dr.<br \/>\nMonte San Francisco, IN 47146<\/p>\n<\/div><\/div><\/div><\/div><\/div><div class=\"vc_col-sm-4 wpb_column vc_column_container\"><div class=\"vc_column-inner\"><div class=\"wpb_wrapper\"><div class=\"wpb_text_column\" ><div class=\"wpb_wrapper\"><p><strong>Recepci\u00f3n de apertura<br \/>\nJueves, 27 de julio, 18:00 h.<\/strong><\/p>\n<p><a href=\"https:\/\/www.franciscansusa.org\/es\/event\/trees-a-conversation-paintings-by-hagan-and-joe-mcgee-opening-reception\/\">M\u00e1s informaci\u00f3n<\/a><\/p>\n<p><strong>Charla de artista<br \/>\nJueves, 17 de agosto, 6:00 p. m.<br \/>\n<\/strong><\/p>\n<p><a href=\"https:\/\/www.franciscansusa.org\/es\/event\/trees-a-conversation-paintings-by-hagan-and-joe-mcgee-artist-talk\/\">M\u00e1s informaci\u00f3n<\/a><\/p>\n<p><strong>Galeria Fechas Horas<br \/>\nV\u00e1lido del 27 de julio al 31 de agosto<br \/>\n<\/strong><\/p>\n<p><strong>Lunes, Mi\u00e9rcoles -11am \u2013 2pm Jueves 4pm-7pm<\/strong><\/p>\n<p><a href=\"https:\/\/www.franciscansusa.org\/es\/event\/trees-a-conversation-paintings-by-hagan-and-joe-mcgee\/\">M\u00e1s informaci\u00f3n<\/a><\/p>\n<\/div><\/div><div class=\"w-separator size_small\"><\/div><div class=\"w-separator size_small\"><\/div><div class=\"w-separator size_small\"><\/div><\/div><\/div><\/div><\/div><\/div><\/section><section class=\"l-section wpb_row height_medium\"><div class=\"l-section-h i-cf\"><div class=\"g-cols vc_row type_default valign_top\"><div class=\"vc_col-sm-12 wpb_column vc_column_container\"><div class=\"vc_column-inner\"><div class=\"wpb_wrapper\"><div class=\"g-cols wpb_row  type_default valign_top vc_inner\"><div class=\"vc_col-sm-12 wpb_column vc_column_container\"><div class=\"vc_column-inner\"><div class=\"wpb_wrapper\"><div class=\"wpb_text_column\" ><div class=\"wpb_wrapper\"><h4>Conoce al artista<\/h4>\n<\/div><\/div><div class=\"w-separator size_small\"><\/div><\/div><\/div><\/div><div class=\"vc_col-sm-4 wpb_column vc_column_container\"><div class=\"vc_column-inner\"><div class=\"wpb_wrapper\"><div class=\"w-separator size_small\"><\/div><div class=\"w-image align_none\"><div class=\"w-image-h\"><img loading=\"lazy\" decoding=\"async\" width=\"433\" height=\"705\" src=\"https:\/\/www.franciscansusa.org\/wp-content\/uploads\/2023\/07\/Hagan-Joe-McGee-2011.jpg\" class=\"attachment-large size-large\" alt=\"\" srcset=\"https:\/\/www.franciscansusa.org\/wp-content\/uploads\/2023\/07\/Hagan-Joe-McGee-2011.jpg 433w, https:\/\/www.franciscansusa.org\/wp-content\/uploads\/2023\/07\/Hagan-Joe-McGee-2011-184x300.jpg 184w, https:\/\/www.franciscansusa.org\/wp-content\/uploads\/2023\/07\/Hagan-Joe-McGee-2011-7x12.jpg 7w, https:\/\/www.franciscansusa.org\/wp-content\/uploads\/2023\/07\/Hagan-Joe-McGee-2011-92x150.jpg 92w, https:\/\/www.franciscansusa.org\/wp-content\/uploads\/2023\/07\/Hagan-Joe-McGee-2011-246x400.jpg 246w, https:\/\/www.franciscansusa.org\/wp-content\/uploads\/2023\/07\/Hagan-Joe-McGee-2011-369x600.jpg 369w\" sizes=\"auto, (max-width: 433px) 100vw, 433px\" \/><\/div><\/div><\/div><\/div><\/div><div class=\"vc_col-sm-8 wpb_column vc_column_container\"><div class=\"vc_column-inner\"><div class=\"wpb_wrapper\"><div class=\"wpb_text_column\" ><div class=\"wpb_wrapper\"><h4>hagan mcgee<\/h4>\n<p>Durante 25 a\u00f1os despu\u00e9s de su jubilaci\u00f3n a los 65 a\u00f1os, el pintor de arte popular de KY, Hagan McGee, 1927-2017, cre\u00f3 cientos de sus distintas pinturas en acr\u00edlico sobre lienzo que recuerdan su juventud en la d\u00e9cada de 1930 mientras crec\u00eda en la peque\u00f1a ciudad de Manton, KY. Hagan, un verdadero artista folcl\u00f3rico (sin capacitaci\u00f3n), hizo exposiciones extensas en la regi\u00f3n de Louisville y su trabajo se puede encontrar en muchas colecciones p\u00fablicas y privadas, incluidas Brown-Foreman Corp., el Kentucky Derby Museum y el KY Folk Art Center en Morehead, KY. . Los padres y la familia de Hagan se vieron obligados a mudarse a Louisville durante los a\u00f1os dif\u00edciles justo antes de la Segunda Guerra Mundial, y sirvi\u00f3 en la Marina en el USS Graffias justo cuando la guerra estaba terminando. Hagan siempre so\u00f1\u00f3 con el momento m\u00e1gico de su infancia en las escarpadas colinas del condado de Washington (\u00e9l llama a una colina la &quot;cima del mundo&quot;) y, a menudo, llevaba a sus propios hijos a excursiones de pesca y caminatas. Esta es la primera muestra de su arte desde su fallecimiento a los 90 a\u00f1os en 2017.<\/p>\n<\/div><\/div><div class=\"w-separator size_medium\"><\/div><div class=\"wpb_text_column\" ><div class=\"wpb_wrapper\"><h4>joe mcgee<\/h4>\n<p>Joe McGee, b. 1954, en Louisville, KY, se gradu\u00f3 con honores del Instituto de Arte Hite, Universidad de Louisville, KY en 1986, con un BFA en Escultura, recibiendo un Premio Winthrop Allen en su \u00faltimo a\u00f1o. En los 35 a\u00f1os transcurridos desde su graduaci\u00f3n, McGee ha mantenido un cronograma constante de exhibiciones individuales bienales de su arte en 2D y 3D, exhibiendo principalmente en universidades regionales. Tambi\u00e9n ha participado en muchas exposiciones colectivas durante este per\u00edodo. McGee recibi\u00f3 una beca SAF\/NEA en dibujo en 1988 y un premio de asistencia profesional del Consejo de Artes de KY en 1993. Su obra de arte se puede encontrar en muchas colecciones p\u00fablicas y privadas de la regi\u00f3n. Para m\u00e1s visita: <a href=\"https:\/\/www.joemcgeeart.com\">www.joemcgeeart.com<\/a><\/p>\n<\/div><\/div><\/div><\/div><\/div><\/div><\/div><\/div><\/div><\/div><\/div><\/section>\n<\/div>","protected":false},"featured_media":15901,"menu_order":0,"template":"","event_category":[101],"class_list":["post-15904","event","type-event","status-publish","has-post-thumbnail","hentry","event_category-past-events"],"aioseo_notices":[],"publishpress_future_action":{"enabled":false,"date":"2026-05-08 12:33:03","action":"category","newStatus":"draft","terms":[],"taxonomy":"event_category","extraData":[]},"publishpress_future_workflow_manual_trigger":{"enabledWorkflows":[]},"_links":{"self":[{"href":"https:\/\/www.franciscansusa.org\/es\/wp-json\/wp\/v2\/event\/15904","targetHints":{"allow":["GET"]}}],"collection":[{"href":"https:\/\/www.franciscansusa.org\/es\/wp-json\/wp\/v2\/event"}],"about":[{"href":"https:\/\/www.franciscansusa.org\/es\/wp-json\/wp\/v2\/types\/event"}],"wp:featuredmedia":[{"embeddable":true,"href":"https:\/\/www.franciscansusa.org\/es\/wp-json\/wp\/v2\/media\/15901"}],"wp:attachment":[{"href":"https:\/\/www.franciscansusa.org\/es\/wp-json\/wp\/v2\/media?parent=15904"}],"wp:term":[{"taxonomy":"event_category","embeddable":true,"href":"https:\/\/www.franciscansusa.org\/es\/wp-json\/wp\/v2\/event_category?post=15904"}],"curies":[{"name":"gracias","href":"https:\/\/api.w.org\/{rel}","templated":true}]}}

<div class="wpb-content-wrapper"><section class="l-section wpb_row height_medium"><div class="l-section-h i-cf"><div class="g-cols vc_row type_default valign_top"><div class="vc_col-sm-8 wpb_column vc_column_container"><div class="vc_column-inner"><div class="wpb_wrapper"><div class="w-image align_center"><div class="w-image-h"><img loading="lazy" decoding="async" width="1024" height="430" src="https://www.franciscansusa.org/wp-content/uploads/2023/07/Screenshot-2023-07-03-at-10.38.19-AM-1024x430.png" class="attachment-large size-large" alt="" srcset="https://www.franciscansusa.org/wp-content/uploads/2023/07/Screenshot-2023-07-03-at-10.38.19-AM-1024x430.png 1024w, https://www.franciscansusa.org/wp-content/uploads/2023/07/Screenshot-2023-07-03-at-10.38.19-AM-300x126.png 300w, https://www.franciscansusa.org/wp-content/uploads/2023/07/Screenshot-2023-07-03-at-10.38.19-AM-18x8.png 18w, https://www.franciscansusa.org/wp-content/uploads/2023/07/Screenshot-2023-07-03-at-10.38.19-AM-150x63.png 150w, https://www.franciscansusa.org/wp-content/uploads/2023/07/Screenshot-2023-07-03-at-10.38.19-AM-600x252.png 600w, https://www.franciscansusa.org/wp-content/uploads/2023/07/Screenshot-2023-07-03-at-10.38.19-AM.png 1624w" sizes="auto, (max-width: 1024px) 100vw, 1024px" /></div></div><div class="w-separator size_small"></div><div class="wpb_text_column" ><div class="wpb_wrapper"><p>El artista Joe McGee compartirá recuerdos de su padre, el artista folclórico de KY Hagan McGee, d. 2017, en una charla de galería en el Centro Mary Anderson, Mt. Saint Francis, <strong>17 de agosto, 18:00</strong>. Joe describirá la relación que el arte jugó en sus primeros años de vida y los de sus hermanos, el resultado del estímulo de sus padres y las &quot;lecciones de arte&quot; que su padre les dio a sus hijos pequeños en la mesa de la cocina. Todos sus hijos aprendieron que podían pasar “tiempos divertidos entreteniéndose dibujando caras, caballos o árboles”. McGee también se referirá a cómo la nueva carrera artística de Hagan, que comenzó a los 65 años cuando se jubiló, trajo alegría y satisfacción en los últimos 25 años de su larga vida.</p>
<p>Galería Fechas/Horas<br />
Válido del 27 de julio al 31 de agosto<br />
Lunes, Miércoles -11am – 2pm, Jueves 4pm-7pm</p>
<p>Lugar: Galería del Centro Mary Anderson<br />
Centro de Espiritualidad Mount Saint Francis<br />
101 San Antonio Dr.<br />
Monte San Francisco, IN 47146</p>
</div></div></div></div></div><div class="vc_col-sm-4 wpb_column vc_column_container"><div class="vc_column-inner"><div class="wpb_wrapper"><div class="wpb_text_column" ><div class="wpb_wrapper"><p><strong>Recepción de apertura<br />
Jueves, 27 de julio, 18:00 h.</strong></p>
<p><a href="https://www.franciscansusa.org/es/event/trees-a-conversation-paintings-by-hagan-and-joe-mcgee-opening-reception/">Más información</a></p>
<p><strong>Charla de artista<br />
Jueves, 17 de agosto, 6:00 p. m.<br />
</strong></p>
<p><a href="https://www.franciscansusa.org/es/event/trees-a-conversation-paintings-by-hagan-and-joe-mcgee-artist-talk/">Más información</a></p>
<p><strong>Galeria Fechas Horas<br />
Válido del 27 de julio al 31 de agosto<br />
</strong></p>
<p><strong>Lunes, Miércoles -11am – 2pm Jueves 4pm-7pm</strong></p>
<p><a href="https://www.franciscansusa.org/es/event/trees-a-conversation-paintings-by-hagan-and-joe-mcgee/">Más información</a></p>
</div></div><div class="w-separator size_small"></div><div class="w-separator size_small"></div><div class="w-separator size_small"></div></div></div></div></div></div></section><section class="l-section wpb_row height_medium"><div class="l-section-h i-cf"><div class="g-cols vc_row type_default valign_top"><div class="vc_col-sm-12 wpb_column vc_column_container"><div class="vc_column-inner"><div class="wpb_wrapper"><div class="g-cols wpb_row  type_default valign_top vc_inner"><div class="vc_col-sm-12 wpb_column vc_column_container"><div class="vc_column-inner"><div class="wpb_wrapper"><div class="wpb_text_column" ><div class="wpb_wrapper"><h4>Conoce al artista</h4>
</div></div><div class="w-separator size_small"></div></div></div></div><div class="vc_col-sm-4 wpb_column vc_column_container"><div class="vc_column-inner"><div class="wpb_wrapper"><div class="w-separator size_small"></div><div class="w-image align_none"><div class="w-image-h"><img loading="lazy" decoding="async" width="433" height="705" src="https://www.franciscansusa.org/wp-content/uploads/2023/07/Hagan-Joe-McGee-2011.jpg" class="attachment-large size-large" alt="" srcset="https://www.franciscansusa.org/wp-content/uploads/2023/07/Hagan-Joe-McGee-2011.jpg 433w, https://www.franciscansusa.org/wp-content/uploads/2023/07/Hagan-Joe-McGee-2011-184x300.jpg 184w, https://www.franciscansusa.org/wp-content/uploads/2023/07/Hagan-Joe-McGee-2011-7x12.jpg 7w, https://www.franciscansusa.org/wp-content/uploads/2023/07/Hagan-Joe-McGee-2011-92x150.jpg 92w, https://www.franciscansusa.org/wp-content/uploads/2023/07/Hagan-Joe-McGee-2011-246x400.jpg 246w, https://www.franciscansusa.org/wp-content/uploads/2023/07/Hagan-Joe-McGee-2011-369x600.jpg 369w" sizes="auto, (max-width: 433px) 100vw, 433px" /></div></div></div></div></div><div class="vc_col-sm-8 wpb_column vc_column_container"><div class="vc_column-inner"><div class="wpb_wrapper"><div class="wpb_text_column" ><div class="wpb_wrapper"><h4>hagan mcgee</h4>
<p>Durante 25 años después de su jubilación a los 65 años, el pintor de arte popular de KY, Hagan McGee, 1927-2017, creó cientos de sus distintas pinturas en acrílico sobre lienzo que recuerdan su juventud en la década de 1930 mientras crecía en la pequeña ciudad de Manton, KY. Hagan, un verdadero artista folclórico (sin capacitación), hizo exposiciones extensas en la región de Louisville y su trabajo se puede encontrar en muchas colecciones públicas y privadas, incluidas Brown-Foreman Corp., el Kentucky Derby Museum y el KY Folk Art Center en Morehead, KY. . Los padres y la familia de Hagan se vieron obligados a mudarse a Louisville durante los años difíciles justo antes de la Segunda Guerra Mundial, y sirvió en la Marina en el USS Graffias justo cuando la guerra estaba terminando. Hagan siempre soñó con el momento mágico de su infancia en las escarpadas colinas del condado de Washington (él llama a una colina la &quot;cima del mundo&quot;) y, a menudo, llevaba a sus propios hijos a excursiones de pesca y caminatas. Esta es la primera muestra de su arte desde su fallecimiento a los 90 años en 2017.</p>
</div></div><div class="w-separator size_medium"></div><div class="wpb_text_column" ><div class="wpb_wrapper"><h4>joe mcgee</h4>
<p>Joe McGee, b. 1954, en Louisville, KY, se graduó con honores del Instituto de Arte Hite, Universidad de Louisville, KY en 1986, con un BFA en Escultura, recibiendo un Premio Winthrop Allen en su último año. En los 35 años transcurridos desde su graduación, McGee ha mantenido un cronograma constante de exhibiciones individuales bienales de su arte en 2D y 3D, exhibiendo principalmente en universidades regionales. También ha participado en muchas exposiciones colectivas durante este período. McGee recibió una beca SAF/NEA en dibujo en 1988 y un premio de asistencia profesional del Consejo de Artes de KY en 1993. Su obra de arte se puede encontrar en muchas colecciones públicas y privadas de la región. Para más visita: <a href="https://www.joemcgeeart.com">www.joemcgeeart.com</a></p>
</div></div></div></div></div></div></div></div></div></div></div></section>
</div>
