{"id":13125,"date":"2022-04-07T09:49:49","date_gmt":"2022-04-07T13:49:49","guid":{"rendered":"https:\/\/www.franciscansusa.org\/?page_id=13125"},"modified":"2022-04-07T10:09:48","modified_gmt":"2022-04-07T14:09:48","slug":"easter-novena","status":"publish","type":"page","link":"https:\/\/www.franciscansusa.org\/es\/easter-novena\/","title":{"rendered":"Novena de Pascua"},"content":{"rendered":"<div class=\"wpb-content-wrapper\"><section class=\"l-section wpb_row height_huge with_img with_overlay\"><div class=\"l-section-img\" style=\"background-image: url(https:\/\/www.franciscansusa.org\/wp-content\/uploads\/2022\/04\/depositphotos_66235719_m-2015.jpg);\" data-img-width=\"960\" data-img-height=\"540\"><\/div><div class=\"l-section-overlay\" style=\"background: rgba(0,0,0,0.6)\"><\/div><div class=\"l-section-h i-cf\"><div class=\"g-cols vc_row type_default valign_top\"><div class=\"vc_col-sm-12 wpb_column vc_column_container\"><div class=\"vc_column-inner\"><div class=\"wpb_wrapper\"><div class=\"wpb_text_column\" ><div class=\"wpb_wrapper\"><h2><span style=\"color: #ffffff;\"><strong>Novena de Pascua<br \/>\n<\/strong><\/span><\/h2>\n<\/div><\/div><\/div><\/div><\/div><\/div><\/div><\/section><section class=\"l-section wpb_row height_medium\"><div class=\"l-section-h i-cf\"><div class=\"g-cols vc_row type_default valign_top\"><div class=\"vc_col-sm-8 wpb_column vc_column_container\"><div class=\"vc_column-inner\"><div class=\"wpb_wrapper\"><div class=\"w-separator size_small\"><\/div><div class=\"wpb_text_column\" ><div class=\"wpb_wrapper\"><div>\n<p>\u00bfAlguna vez te &quot;atrap\u00f3&quot; el estribillo de una canci\u00f3n y se repite en voz baja, pero persistentemente, durante todo el d\u00eda? Recuerdo con cari\u00f1o estas palabras de un \u00e9xito de los Beatles: \u201c\u00a1Me las arreglar\u00e9 con un poco de ayuda de mis amigos!\u201d.<\/p>\n<p>La sabidur\u00eda de esta letra se refuerza en nuestras mentes cuando recordamos los \u00faltimos dos a\u00f1os. Salimos adelante, gracias a Dios, con un poco de ayuda de nuestros amigos, de nuestras familias e incluso de notables extra\u00f1os.<\/p>\n<p>En esta temporada de Cuaresma, mi coraz\u00f3n est\u00e1 lleno de gratitud y asombro. Tantos curanderos y trabajadores de la salud dieron tanto para cuidar a los extra\u00f1os afectados por una pandemia \u00fanica en un siglo.<\/p>\n<p>Los frailes franciscanos conventuales tambi\u00e9n estuvieron en primera l\u00ednea siendo amigos, maestros, consejeros y trabajadores de la salud para miles durante los d\u00edas m\u00e1s oscuros de COVID.<\/p>\n<\/div>\n<h4 style=\"text-align: center;\"><strong>\u00a0<\/strong><\/h4>\n<\/div><\/div><div class=\"w-separator size_small\"><\/div><div class=\"g-cols wpb_row  type_default valign_top vc_inner\"><div class=\"vc_col-sm-4 wpb_column vc_column_container\"><div class=\"vc_column-inner\"><div class=\"wpb_wrapper\"><div class=\"w-image align_none\"><div class=\"w-image-h\"><img loading=\"lazy\" decoding=\"async\" width=\"1024\" height=\"721\" src=\"https:\/\/www.franciscansusa.org\/wp-content\/uploads\/2022\/04\/s-franciscan-large-1024x721.jpg\" class=\"attachment-large size-large\" alt=\"\" srcset=\"https:\/\/www.franciscansusa.org\/wp-content\/uploads\/2022\/04\/s-franciscan-large-1024x721.jpg 1024w, https:\/\/www.franciscansusa.org\/wp-content\/uploads\/2022\/04\/s-franciscan-large-300x211.jpg 300w, https:\/\/www.franciscansusa.org\/wp-content\/uploads\/2022\/04\/s-franciscan-large-18x12.jpg 18w, https:\/\/www.franciscansusa.org\/wp-content\/uploads\/2022\/04\/s-franciscan-large-150x106.jpg 150w, https:\/\/www.franciscansusa.org\/wp-content\/uploads\/2022\/04\/s-franciscan-large-568x400.jpg 568w, https:\/\/www.franciscansusa.org\/wp-content\/uploads\/2022\/04\/s-franciscan-large-600x422.jpg 600w, https:\/\/www.franciscansusa.org\/wp-content\/uploads\/2022\/04\/s-franciscan-large.jpg 1600w\" sizes=\"auto, (max-width: 1024px) 100vw, 1024px\" \/><\/div><\/div><\/div><\/div><\/div><div class=\"vc_col-sm-8 wpb_column vc_column_container\"><div class=\"vc_column-inner\"><div class=\"wpb_wrapper\"><div class=\"wpb_text_column\" ><div class=\"wpb_wrapper\"><div>Como Ministro del Campus, <strong>Fray Mario Serrano<\/strong> sana y consuela los corazones de los estudiantes de la Universidad de Texas El Paso. Fray Mario ora con ellos por los padres enfermos y los abuelos vulnerables. El estribillo \u201cno temas\u201d, ha sido constante en sus labios.<\/div>\n<\/div><\/div><\/div><\/div><\/div><\/div><div class=\"w-separator size_small\"><\/div><div class=\"g-cols wpb_row  type_default valign_top vc_inner\"><div class=\"vc_col-sm-4 wpb_column vc_column_container\"><div class=\"vc_column-inner\"><div class=\"wpb_wrapper\"><div class=\"w-image align_none\"><div class=\"w-image-h\"><img loading=\"lazy\" decoding=\"async\" width=\"800\" height=\"534\" src=\"https:\/\/www.franciscansusa.org\/wp-content\/uploads\/2022\/04\/friar-matthew-malek.jpg\" class=\"attachment-large size-large\" alt=\"\" srcset=\"https:\/\/www.franciscansusa.org\/wp-content\/uploads\/2022\/04\/friar-matthew-malek.jpg 800w, https:\/\/www.franciscansusa.org\/wp-content\/uploads\/2022\/04\/friar-matthew-malek-300x200.jpg 300w, https:\/\/www.franciscansusa.org\/wp-content\/uploads\/2022\/04\/friar-matthew-malek-18x12.jpg 18w, https:\/\/www.franciscansusa.org\/wp-content\/uploads\/2022\/04\/friar-matthew-malek-600x401.jpg 600w, https:\/\/www.franciscansusa.org\/wp-content\/uploads\/2022\/04\/friar-matthew-malek-150x100.jpg 150w\" sizes=\"auto, (max-width: 800px) 100vw, 800px\" \/><\/div><\/div><\/div><\/div><\/div><div class=\"vc_col-sm-8 wpb_column vc_column_container\"><div class=\"vc_column-inner\"><div class=\"wpb_wrapper\"><div class=\"wpb_text_column\" ><div class=\"wpb_wrapper\"><div>\n<div><strong>Fray Mateo Malek<\/strong> sana a trav\u00e9s de la consejer\u00eda y la direcci\u00f3n espiritual, sobre todo a distancia estos dos largos a\u00f1os. Pero el toque y la celebraci\u00f3n \u201cvirtual\u201d de los corazones es verdaderamente curativo, especialmente para aquellos que est\u00e1n completamente aislados y solos.<\/div>\n<\/div>\n<\/div><\/div><\/div><\/div><\/div><\/div><div class=\"w-separator size_small\"><\/div><div class=\"g-cols wpb_row  type_default valign_top vc_inner\"><div class=\"vc_col-sm-4 wpb_column vc_column_container\"><div class=\"vc_column-inner\"><div class=\"wpb_wrapper\"><div class=\"w-image align_none\"><div class=\"w-image-h\"><img loading=\"lazy\" decoding=\"async\" width=\"1024\" height=\"626\" src=\"https:\/\/www.franciscansusa.org\/wp-content\/uploads\/2022\/04\/chuck-henkle-screenshot-rev1-1024x626.jpg\" class=\"attachment-large size-large\" alt=\"\" srcset=\"https:\/\/www.franciscansusa.org\/wp-content\/uploads\/2022\/04\/chuck-henkle-screenshot-rev1-1024x626.jpg 1024w, https:\/\/www.franciscansusa.org\/wp-content\/uploads\/2022\/04\/chuck-henkle-screenshot-rev1-300x184.jpg 300w, https:\/\/www.franciscansusa.org\/wp-content\/uploads\/2022\/04\/chuck-henkle-screenshot-rev1-18x12.jpg 18w, https:\/\/www.franciscansusa.org\/wp-content\/uploads\/2022\/04\/chuck-henkle-screenshot-rev1-150x92.jpg 150w, https:\/\/www.franciscansusa.org\/wp-content\/uploads\/2022\/04\/chuck-henkle-screenshot-rev1-600x367.jpg 600w, https:\/\/www.franciscansusa.org\/wp-content\/uploads\/2022\/04\/chuck-henkle-screenshot-rev1.jpg 1200w\" sizes=\"auto, (max-width: 1024px) 100vw, 1024px\" \/><\/div><\/div><\/div><\/div><\/div><div class=\"vc_col-sm-8 wpb_column vc_column_container\"><div class=\"vc_column-inner\"><div class=\"wpb_wrapper\"><div class=\"wpb_text_column\" ><div class=\"wpb_wrapper\"><div>\n<div><strong>Fray Chuck Henkel<\/strong> es un capell\u00e1n de hospicio cuyo ministerio ha sido demasiado lleno y lloroso durante demasiado tiempo. Fray Chuck us\u00f3 todos los medios a su alcance para llevar consuelo y consuelo a los que pasaban de esta vida y a los que dejaban atr\u00e1s, a menudo obligados a despedirse a trav\u00e9s de la ventana de un hogar de ancianos o en un tel\u00e9fono celular.<\/div>\n<\/div>\n<\/div><\/div><\/div><\/div><\/div><\/div><div class=\"w-separator size_small\"><\/div><div class=\"wpb_text_column\" ><div class=\"wpb_wrapper\"><p>\u00bfRenovar\u00e1 su generosa amistad con los frailes para ayudarlos a educar y formar una nueva generaci\u00f3n de j\u00f3venes franciscanos para continuar atendiendo a los m\u00e1s necesitados?<\/p>\n<p>El Salmo 116: 12 proclama: \u201c\u00bfC\u00f3mo podr\u00e9 volver al Se\u00f1or, por todo el bien que me ha hecho?\u201d Hacemos esta oraci\u00f3n mientras damos gracias a Dios por su fiel amistad. \u00bfC\u00f3mo podemos hacer un regreso al Se\u00f1or por ti?<\/p>\n<p>\u00bfPodemos incluir las intenciones m\u00e1s cercanas a su coraz\u00f3n en una Novena de Misas de Pascua ofrecida por los Frailes Franciscanos Conventuales? Los frailes de nuestra Provincia de Nuestra Se\u00f1ora de la Consolaci\u00f3n iniciar\u00e1n esta Novena el 17 de abril. Incluya sus Intenciones de Novena para todos aquellos a quienes ama y que necesitan el regalo de nuestras oraciones unidas.<\/p>\n<p>Rezo junto con mis hermanos franciscanos conventuales para que el Se\u00f1or ponga en vuestro coraz\u00f3n un canto persistente de fe, esperanza y caridad.<\/p>\n<p>Y recuerda, por la gracia de Dios, &quot;\u00a1Saldremos adelante con un poco de ayuda de nuestros amigos!&quot;<\/p>\n<p>PD Por favor, sean generosos una vez m\u00e1s para promover los ministerios de sanaci\u00f3n de nuestros Frailes Franciscanos Conventuales. Que Dios te bendiga por el amor que compartes.<\/p>\n<\/div><\/div><div class=\"w-separator size_small\"><\/div><div class=\"w-image align_left\"><div class=\"w-image-h\"><img loading=\"lazy\" decoding=\"async\" width=\"150\" height=\"49\" src=\"https:\/\/www.franciscansusa.org\/wp-content\/uploads\/2021\/07\/father-john-signature-150x49.png\" class=\"attachment-us_150_150 size-us_150_150\" alt=\"\" srcset=\"https:\/\/www.franciscansusa.org\/wp-content\/uploads\/2021\/07\/father-john-signature-150x49.png 150w, https:\/\/www.franciscansusa.org\/wp-content\/uploads\/2021\/07\/father-john-signature-300x98.png 300w, https:\/\/www.franciscansusa.org\/wp-content\/uploads\/2021\/07\/father-john-signature-18x6.png 18w, https:\/\/www.franciscansusa.org\/wp-content\/uploads\/2021\/07\/father-john-signature.png 560w\" sizes=\"auto, (max-width: 150px) 100vw, 150px\" \/><\/div><\/div><\/div><\/div><\/div><div class=\"vc_col-sm-4 wpb_column vc_column_container\"><div class=\"vc_column-inner\"><div class=\"wpb_wrapper\">\n\t<div class=\"wpb_raw_code wpb_raw_html wpb_content_element us_custom_909b2fd0\" >\n\t\t<div class=\"wpb_wrapper\">\n\t\t\t<div class=\"qgiv-embed-container\" data-qgiv-embed=\"true\" data-embed-id=\"64450\" data-embed=\"https:\/\/secure.qgiv.com\/for\/en-dms\/embed\/64450\/\" data-width=\"630\"><\/div>\n<script>(function(w, d, s, id){var js, fjs = d.getElementsByTagName(s)[0];if (d.getElementById(id)) return;js = d.createElement(s); js.id = id;js.src = \"https:\/\/secure.qgiv.com\/resources\/core\/js\/embed.js\";fjs.parentNode.insertBefore(js, fjs);})(window, document, 'script', 'qgiv-embedjs');<\/script>\n\t\t<\/div>\n\t<\/div>\n<div class=\"w-image align_none\"><div class=\"w-image-h\"><img loading=\"lazy\" decoding=\"async\" width=\"619\" height=\"1024\" src=\"https:\/\/www.franciscansusa.org\/wp-content\/uploads\/2022\/04\/Penny-Sisto-Christ-Quilt1-619x1024.png\" class=\"attachment-large size-large\" alt=\"\" srcset=\"https:\/\/www.franciscansusa.org\/wp-content\/uploads\/2022\/04\/Penny-Sisto-Christ-Quilt1-619x1024.png 619w, https:\/\/www.franciscansusa.org\/wp-content\/uploads\/2022\/04\/Penny-Sisto-Christ-Quilt1-181x300.png 181w, https:\/\/www.franciscansusa.org\/wp-content\/uploads\/2022\/04\/Penny-Sisto-Christ-Quilt1-7x12.png 7w, https:\/\/www.franciscansusa.org\/wp-content\/uploads\/2022\/04\/Penny-Sisto-Christ-Quilt1-91x150.png 91w, https:\/\/www.franciscansusa.org\/wp-content\/uploads\/2022\/04\/Penny-Sisto-Christ-Quilt1-242x400.png 242w, https:\/\/www.franciscansusa.org\/wp-content\/uploads\/2022\/04\/Penny-Sisto-Christ-Quilt1-363x600.png 363w, https:\/\/www.franciscansusa.org\/wp-content\/uploads\/2022\/04\/Penny-Sisto-Christ-Quilt1-600x993.png 600w, https:\/\/www.franciscansusa.org\/wp-content\/uploads\/2022\/04\/Penny-Sisto-Christ-Quilt1.png 725w\" sizes=\"auto, (max-width: 619px) 100vw, 619px\" \/><\/div><\/div><div class=\"wpb_text_column\" ><div class=\"wpb_wrapper\"><h6>\u201cEl Redentor\u201d de la artista textil Penny Sisto<\/h6>\n<\/div><\/div><\/div><\/div><\/div><\/div><\/div><\/section>\n<\/div>","protected":false},"excerpt":{"rendered":"\u00bfAlguna vez se te ha quedado grabado en la cabeza el estribillo de una canci\u00f3n, que se repite en voz baja, pero con insistencia, todo el d\u00eda? Recuerdo con cari\u00f1o estas palabras de un \u00e9xito de los Beatles: &quot;\u00a1Con un poco de ayuda de mis amigos, me las arreglar\u00e9!&quot;. La sabidur\u00eda de esta letra se refuerza en nuestra mente a medida que...","protected":false},"author":1,"featured_media":0,"parent":0,"menu_order":0,"comment_status":"closed","ping_status":"closed","template":"","meta":{"om_disable_all_campaigns":false,"_monsterinsights_skip_tracking":false,"_monsterinsights_sitenote_active":false,"_monsterinsights_sitenote_note":"","_monsterinsights_sitenote_category":0,"_uf_show_specific_survey":0,"_uf_disable_surveys":false,"footnotes":""},"class_list":["post-13125","page","type-page","status-publish","hentry"],"aioseo_notices":[],"publishpress_future_action":{"enabled":false,"date":"2026-05-07 23:39:21","action":"change-status","newStatus":"draft","terms":[],"taxonomy":"","extraData":[]},"publishpress_future_workflow_manual_trigger":{"enabledWorkflows":[]},"_links":{"self":[{"href":"https:\/\/www.franciscansusa.org\/es\/wp-json\/wp\/v2\/pages\/13125","targetHints":{"allow":["GET"]}}],"collection":[{"href":"https:\/\/www.franciscansusa.org\/es\/wp-json\/wp\/v2\/pages"}],"about":[{"href":"https:\/\/www.franciscansusa.org\/es\/wp-json\/wp\/v2\/types\/page"}],"author":[{"embeddable":true,"href":"https:\/\/www.franciscansusa.org\/es\/wp-json\/wp\/v2\/users\/1"}],"replies":[{"embeddable":true,"href":"https:\/\/www.franciscansusa.org\/es\/wp-json\/wp\/v2\/comments?post=13125"}],"version-history":[{"count":6,"href":"https:\/\/www.franciscansusa.org\/es\/wp-json\/wp\/v2\/pages\/13125\/revisions"}],"predecessor-version":[{"id":13136,"href":"https:\/\/www.franciscansusa.org\/es\/wp-json\/wp\/v2\/pages\/13125\/revisions\/13136"}],"wp:attachment":[{"href":"https:\/\/www.franciscansusa.org\/es\/wp-json\/wp\/v2\/media?parent=13125"}],"curies":[{"name":"gracias","href":"https:\/\/api.w.org\/{rel}","templated":true}]}}

<div class="wpb-content-wrapper"><section class="l-section wpb_row height_huge with_img with_overlay"><div class="l-section-img" style="background-image: url(https://www.franciscansusa.org/wp-content/uploads/2022/04/depositphotos_66235719_m-2015.jpg);" data-img-width="960" data-img-height="540"></div><div class="l-section-overlay" style="background: rgba(0,0,0,0.6)"></div><div class="l-section-h i-cf"><div class="g-cols vc_row type_default valign_top"><div class="vc_col-sm-12 wpb_column vc_column_container"><div class="vc_column-inner"><div class="wpb_wrapper"><div class="wpb_text_column" ><div class="wpb_wrapper"><h2><span style="color: #ffffff;"><strong>Novena de Pascua<br />
</strong></span></h2>
</div></div></div></div></div></div></div></section><section class="l-section wpb_row height_medium"><div class="l-section-h i-cf"><div class="g-cols vc_row type_default valign_top"><div class="vc_col-sm-8 wpb_column vc_column_container"><div class="vc_column-inner"><div class="wpb_wrapper"><div class="w-separator size_small"></div><div class="wpb_text_column" ><div class="wpb_wrapper"><div>
<p>¿Alguna vez te &quot;atrapó&quot; el estribillo de una canción y se repite en voz baja, pero persistentemente, durante todo el día? Recuerdo con cariño estas palabras de un éxito de los Beatles: “¡Me las arreglaré con un poco de ayuda de mis amigos!”.</p>
<p>La sabiduría de esta letra se refuerza en nuestras mentes cuando recordamos los últimos dos años. Salimos adelante, gracias a Dios, con un poco de ayuda de nuestros amigos, de nuestras familias e incluso de notables extraños.</p>
<p>En esta temporada de Cuaresma, mi corazón está lleno de gratitud y asombro. Tantos curanderos y trabajadores de la salud dieron tanto para cuidar a los extraños afectados por una pandemia única en un siglo.</p>
<p>Los frailes franciscanos conventuales también estuvieron en primera línea siendo amigos, maestros, consejeros y trabajadores de la salud para miles durante los días más oscuros de COVID.</p>
</div>
<h4 style="text-align: center;"><strong> </strong></h4>
</div></div><div class="w-separator size_small"></div><div class="g-cols wpb_row  type_default valign_top vc_inner"><div class="vc_col-sm-4 wpb_column vc_column_container"><div class="vc_column-inner"><div class="wpb_wrapper"><div class="w-image align_none"><div class="w-image-h"><img loading="lazy" decoding="async" width="1024" height="721" src="https://www.franciscansusa.org/wp-content/uploads/2022/04/s-franciscan-large-1024x721.jpg" class="attachment-large size-large" alt="" srcset="https://www.franciscansusa.org/wp-content/uploads/2022/04/s-franciscan-large-1024x721.jpg 1024w, https://www.franciscansusa.org/wp-content/uploads/2022/04/s-franciscan-large-300x211.jpg 300w, https://www.franciscansusa.org/wp-content/uploads/2022/04/s-franciscan-large-18x12.jpg 18w, https://www.franciscansusa.org/wp-content/uploads/2022/04/s-franciscan-large-150x106.jpg 150w, https://www.franciscansusa.org/wp-content/uploads/2022/04/s-franciscan-large-568x400.jpg 568w, https://www.franciscansusa.org/wp-content/uploads/2022/04/s-franciscan-large-600x422.jpg 600w, https://www.franciscansusa.org/wp-content/uploads/2022/04/s-franciscan-large.jpg 1600w" sizes="auto, (max-width: 1024px) 100vw, 1024px" /></div></div></div></div></div><div class="vc_col-sm-8 wpb_column vc_column_container"><div class="vc_column-inner"><div class="wpb_wrapper"><div class="wpb_text_column" ><div class="wpb_wrapper"><div>Como Ministro del Campus, <strong>Fray Mario Serrano</strong> sana y consuela los corazones de los estudiantes de la Universidad de Texas El Paso. Fray Mario ora con ellos por los padres enfermos y los abuelos vulnerables. El estribillo “no temas”, ha sido constante en sus labios.</div>
</div></div></div></div></div></div><div class="w-separator size_small"></div><div class="g-cols wpb_row  type_default valign_top vc_inner"><div class="vc_col-sm-4 wpb_column vc_column_container"><div class="vc_column-inner"><div class="wpb_wrapper"><div class="w-image align_none"><div class="w-image-h"><img loading="lazy" decoding="async" width="800" height="534" src="https://www.franciscansusa.org/wp-content/uploads/2022/04/friar-matthew-malek.jpg" class="attachment-large size-large" alt="" srcset="https://www.franciscansusa.org/wp-content/uploads/2022/04/friar-matthew-malek.jpg 800w, https://www.franciscansusa.org/wp-content/uploads/2022/04/friar-matthew-malek-300x200.jpg 300w, https://www.franciscansusa.org/wp-content/uploads/2022/04/friar-matthew-malek-18x12.jpg 18w, https://www.franciscansusa.org/wp-content/uploads/2022/04/friar-matthew-malek-600x401.jpg 600w, https://www.franciscansusa.org/wp-content/uploads/2022/04/friar-matthew-malek-150x100.jpg 150w" sizes="auto, (max-width: 800px) 100vw, 800px" /></div></div></div></div></div><div class="vc_col-sm-8 wpb_column vc_column_container"><div class="vc_column-inner"><div class="wpb_wrapper"><div class="wpb_text_column" ><div class="wpb_wrapper"><div>
<div><strong>Fray Mateo Malek</strong> sana a través de la consejería y la dirección espiritual, sobre todo a distancia estos dos largos años. Pero el toque y la celebración “virtual” de los corazones es verdaderamente curativo, especialmente para aquellos que están completamente aislados y solos.</div>
</div>
</div></div></div></div></div></div><div class="w-separator size_small"></div><div class="g-cols wpb_row  type_default valign_top vc_inner"><div class="vc_col-sm-4 wpb_column vc_column_container"><div class="vc_column-inner"><div class="wpb_wrapper"><div class="w-image align_none"><div class="w-image-h"><img loading="lazy" decoding="async" width="1024" height="626" src="https://www.franciscansusa.org/wp-content/uploads/2022/04/chuck-henkle-screenshot-rev1-1024x626.jpg" class="attachment-large size-large" alt="" srcset="https://www.franciscansusa.org/wp-content/uploads/2022/04/chuck-henkle-screenshot-rev1-1024x626.jpg 1024w, https://www.franciscansusa.org/wp-content/uploads/2022/04/chuck-henkle-screenshot-rev1-300x184.jpg 300w, https://www.franciscansusa.org/wp-content/uploads/2022/04/chuck-henkle-screenshot-rev1-18x12.jpg 18w, https://www.franciscansusa.org/wp-content/uploads/2022/04/chuck-henkle-screenshot-rev1-150x92.jpg 150w, https://www.franciscansusa.org/wp-content/uploads/2022/04/chuck-henkle-screenshot-rev1-600x367.jpg 600w, https://www.franciscansusa.org/wp-content/uploads/2022/04/chuck-henkle-screenshot-rev1.jpg 1200w" sizes="auto, (max-width: 1024px) 100vw, 1024px" /></div></div></div></div></div><div class="vc_col-sm-8 wpb_column vc_column_container"><div class="vc_column-inner"><div class="wpb_wrapper"><div class="wpb_text_column" ><div class="wpb_wrapper"><div>
<div><strong>Fray Chuck Henkel</strong> es un capellán de hospicio cuyo ministerio ha sido demasiado lleno y lloroso durante demasiado tiempo. Fray Chuck usó todos los medios a su alcance para llevar consuelo y consuelo a los que pasaban de esta vida y a los que dejaban atrás, a menudo obligados a despedirse a través de la ventana de un hogar de ancianos o en un teléfono celular.</div>
</div>
</div></div></div></div></div></div><div class="w-separator size_small"></div><div class="wpb_text_column" ><div class="wpb_wrapper"><p>¿Renovará su generosa amistad con los frailes para ayudarlos a educar y formar una nueva generación de jóvenes franciscanos para continuar atendiendo a los más necesitados?</p>
<p>El Salmo 116: 12 proclama: “¿Cómo podré volver al Señor, por todo el bien que me ha hecho?” Hacemos esta oración mientras damos gracias a Dios por su fiel amistad. ¿Cómo podemos hacer un regreso al Señor por ti?</p>
<p>¿Podemos incluir las intenciones más cercanas a su corazón en una Novena de Misas de Pascua ofrecida por los Frailes Franciscanos Conventuales? Los frailes de nuestra Provincia de Nuestra Señora de la Consolación iniciarán esta Novena el 17 de abril. Incluya sus Intenciones de Novena para todos aquellos a quienes ama y que necesitan el regalo de nuestras oraciones unidas.</p>
<p>Rezo junto con mis hermanos franciscanos conventuales para que el Señor ponga en vuestro corazón un canto persistente de fe, esperanza y caridad.</p>
<p>Y recuerda, por la gracia de Dios, &quot;¡Saldremos adelante con un poco de ayuda de nuestros amigos!&quot;</p>
<p>PD Por favor, sean generosos una vez más para promover los ministerios de sanación de nuestros Frailes Franciscanos Conventuales. Que Dios te bendiga por el amor que compartes.</p>
</div></div><div class="w-separator size_small"></div><div class="w-image align_left"><div class="w-image-h"><img loading="lazy" decoding="async" width="150" height="49" src="https://www.franciscansusa.org/wp-content/uploads/2021/07/father-john-signature-150x49.png" class="attachment-us_150_150 size-us_150_150" alt="" srcset="https://www.franciscansusa.org/wp-content/uploads/2021/07/father-john-signature-150x49.png 150w, https://www.franciscansusa.org/wp-content/uploads/2021/07/father-john-signature-300x98.png 300w, https://www.franciscansusa.org/wp-content/uploads/2021/07/father-john-signature-18x6.png 18w, https://www.franciscansusa.org/wp-content/uploads/2021/07/father-john-signature.png 560w" sizes="auto, (max-width: 150px) 100vw, 150px" /></div></div></div></div></div><div class="vc_col-sm-4 wpb_column vc_column_container"><div class="vc_column-inner"><div class="wpb_wrapper">
	<div class="wpb_raw_code wpb_raw_html wpb_content_element us_custom_909b2fd0" >
		<div class="wpb_wrapper">
			<div class="qgiv-embed-container" data-qgiv-embed="true" data-embed-id="64450" data-embed="https://secure.qgiv.com/for/en-dms/embed/64450/" data-width="630"></div>
<script>(function(w, d, s, id){var js, fjs = d.getElementsByTagName(s)[0];if (d.getElementById(id)) return;js = d.createElement(s); js.id = id;js.src = "https://secure.qgiv.com/resources/core/js/embed.js";fjs.parentNode.insertBefore(js, fjs);})(window, document, 'script', 'qgiv-embedjs');</script>
		</div>
	</div>
<div class="w-image align_none"><div class="w-image-h"><img loading="lazy" decoding="async" width="619" height="1024" src="https://www.franciscansusa.org/wp-content/uploads/2022/04/Penny-Sisto-Christ-Quilt1-619x1024.png" class="attachment-large size-large" alt="" srcset="https://www.franciscansusa.org/wp-content/uploads/2022/04/Penny-Sisto-Christ-Quilt1-619x1024.png 619w, https://www.franciscansusa.org/wp-content/uploads/2022/04/Penny-Sisto-Christ-Quilt1-181x300.png 181w, https://www.franciscansusa.org/wp-content/uploads/2022/04/Penny-Sisto-Christ-Quilt1-7x12.png 7w, https://www.franciscansusa.org/wp-content/uploads/2022/04/Penny-Sisto-Christ-Quilt1-91x150.png 91w, https://www.franciscansusa.org/wp-content/uploads/2022/04/Penny-Sisto-Christ-Quilt1-242x400.png 242w, https://www.franciscansusa.org/wp-content/uploads/2022/04/Penny-Sisto-Christ-Quilt1-363x600.png 363w, https://www.franciscansusa.org/wp-content/uploads/2022/04/Penny-Sisto-Christ-Quilt1-600x993.png 600w, https://www.franciscansusa.org/wp-content/uploads/2022/04/Penny-Sisto-Christ-Quilt1.png 725w" sizes="auto, (max-width: 619px) 100vw, 619px" /></div></div><div class="wpb_text_column" ><div class="wpb_wrapper"><h6>“El Redentor” de la artista textil Penny Sisto</h6>
</div></div></div></div></div></div></div></section>
</div>

¿Alguna vez se te ha quedado grabado en la cabeza el estribillo de una canción, que se repite en voz baja, pero con insistencia, todo el día? Recuerdo con cariño estas palabras de un éxito de los Beatles: &quot;¡Con un poco de ayuda de mis amigos, me las arreglaré!&quot;. La sabiduría de esta letra se refuerza en nuestra mente a medida que...
