{"id":14714,"date":"2022-11-21T09:47:54","date_gmt":"2022-11-21T14:47:54","guid":{"rendered":"https:\/\/www.franciscansusa.org\/?page_id=14714"},"modified":"2022-11-30T12:13:18","modified_gmt":"2022-11-30T17:13:18","slug":"peace-blessings","status":"publish","type":"page","link":"https:\/\/www.franciscansusa.org\/es\/peace-blessings\/","title":{"rendered":"Paz y bendiciones"},"content":{"rendered":"<div class=\"wpb-content-wrapper\"><section class=\"l-section wpb_row height_medium\"><div class=\"l-section-h i-cf\"><div class=\"g-cols vc_row type_default valign_top\"><div class=\"vc_col-sm-6 wpb_column vc_column_container\"><div class=\"vc_column-inner\"><div class=\"wpb_wrapper\"><div class=\"w-image align_none\"><div class=\"w-image-h\"><img loading=\"lazy\" decoding=\"async\" width=\"686\" height=\"1024\" src=\"https:\/\/www.franciscansusa.org\/wp-content\/uploads\/2022\/11\/peace-and-blessings-686x1024.jpg\" class=\"attachment-large size-large\" alt=\"\" srcset=\"https:\/\/www.franciscansusa.org\/wp-content\/uploads\/2022\/11\/peace-and-blessings-686x1024.jpg 686w, https:\/\/www.franciscansusa.org\/wp-content\/uploads\/2022\/11\/peace-and-blessings-201x300.jpg 201w, https:\/\/www.franciscansusa.org\/wp-content\/uploads\/2022\/11\/peace-and-blessings-8x12.jpg 8w, https:\/\/www.franciscansusa.org\/wp-content\/uploads\/2022\/11\/peace-and-blessings-100x150.jpg 100w, https:\/\/www.franciscansusa.org\/wp-content\/uploads\/2022\/11\/peace-and-blessings-268x400.jpg 268w, https:\/\/www.franciscansusa.org\/wp-content\/uploads\/2022\/11\/peace-and-blessings-402x600.jpg 402w, https:\/\/www.franciscansusa.org\/wp-content\/uploads\/2022\/11\/peace-and-blessings-600x896.jpg 600w, https:\/\/www.franciscansusa.org\/wp-content\/uploads\/2022\/11\/peace-and-blessings.jpg 1084w\" sizes=\"auto, (max-width: 686px) 100vw, 686px\" \/><\/div><\/div><div class=\"w-separator size_small\"><\/div><\/div><\/div><\/div><div class=\"vc_col-sm-6 wpb_column vc_column_container\"><div class=\"vc_column-inner\"><div class=\"wpb_wrapper\"><div class=\"wpb_text_column\" ><div class=\"wpb_wrapper\"><h4>Nuestra Se\u00f1ora de Consolaci\u00f3n<\/h4>\n<p>En la foto aparece una estatua de Nuestra Se\u00f1ora de la Consolaci\u00f3n, patrona de nuestra provincia franciscana conventual. La estatua se encuentra en la Bas\u00edlica y Santuario Nacional de Nuestra Se\u00f1ora de la Consolaci\u00f3n en Carey, Ohio, donde nuestros frailes han ministrado desde 1912. En la base de la estatua est\u00e1 su t\u00edtulo en lat\u00edn, Consolatrix Afflictorum, que se traduce como \u201cConsuelo de los afligidos\u201d. Este t\u00edtulo data del siglo II y es uno de los t\u00edtulos m\u00e1s antiguos atribuidos a nuestra Sant\u00edsima Madre. Como custodios de la Bas\u00edlica y Santuario Nacional de Nuestra Se\u00f1ora de la Consolaci\u00f3n, nuestros frailes han llevado su mensaje de consuelo y cuidado a miles de peregrinos en los 147 a\u00f1os de historia del Santuario.<\/p>\n<p>Nuestros frailes llevan este mensaje de consuelo y cuidado a todos sus ministerios, desde el suroeste hasta el medio oeste, pasando por Centroam\u00e9rica y Zambia. Al igual que la Sant\u00edsima Madre, que ofrece al Ni\u00f1o Jes\u00fas al espectador, nuestros frailes ofrecen al Cristo compasivo y sanador a todos.<\/p>\n<p>Estamos muy agradecidos de tenerlo como uno de nuestros innumerables socios en este ministerio de consuelo y compasi\u00f3n. Sus oraciones y palabras de aliento, as\u00ed como su apoyo financiero, nos fortalecen e inspiran en nuestra b\u00fasqueda de vivir la vida del Evangelio.<\/p>\n<p>Gracias por su continuo amor y apoyo,<\/p>\n<\/div><\/div><div class=\"w-image align_none\"><div class=\"w-image-h\"><img loading=\"lazy\" decoding=\"async\" width=\"150\" height=\"88\" src=\"https:\/\/www.franciscansusa.org\/wp-content\/uploads\/2022\/11\/the-friars-150x88.png\" class=\"attachment-us_150_150 size-us_150_150\" alt=\"\" srcset=\"https:\/\/www.franciscansusa.org\/wp-content\/uploads\/2022\/11\/the-friars-150x88.png 150w, https:\/\/www.franciscansusa.org\/wp-content\/uploads\/2022\/11\/the-friars-300x177.png 300w, https:\/\/www.franciscansusa.org\/wp-content\/uploads\/2022\/11\/the-friars-18x12.png 18w, https:\/\/www.franciscansusa.org\/wp-content\/uploads\/2022\/11\/the-friars-600x354.png 600w, https:\/\/www.franciscansusa.org\/wp-content\/uploads\/2022\/11\/the-friars.png 872w\" sizes=\"auto, (max-width: 150px) 100vw, 150px\" \/><\/div><\/div><\/div><\/div><\/div><\/div><\/div><\/section>\n<\/div>","protected":false},"excerpt":{"rendered":"En la imagen se muestra una estatua de Nuestra Se\u00f1ora de la Consolaci\u00f3n, patrona de nuestra provincia franciscana conventual. La estatua se encuentra en la Bas\u00edlica y Santuario Nacional de Nuestra Se\u00f1ora de la Consolaci\u00f3n en Carey, Ohio, donde nuestros frailes han ejercido su ministerio desde 1912. En la base de la estatua se encuentra su t\u00edtulo en lat\u00edn...","protected":false},"author":1,"featured_media":0,"parent":0,"menu_order":0,"comment_status":"closed","ping_status":"closed","template":"","meta":{"om_disable_all_campaigns":false,"_monsterinsights_skip_tracking":false,"_monsterinsights_sitenote_active":false,"_monsterinsights_sitenote_note":"","_monsterinsights_sitenote_category":0,"_uf_show_specific_survey":0,"_uf_disable_surveys":false,"footnotes":""},"class_list":["post-14714","page","type-page","status-publish","hentry"],"aioseo_notices":[],"publishpress_future_action":{"enabled":false,"date":"2026-05-06 05:52:33","action":"change-status","newStatus":"draft","terms":[],"taxonomy":"","extraData":[]},"publishpress_future_workflow_manual_trigger":{"enabledWorkflows":[]},"_links":{"self":[{"href":"https:\/\/www.franciscansusa.org\/es\/wp-json\/wp\/v2\/pages\/14714","targetHints":{"allow":["GET"]}}],"collection":[{"href":"https:\/\/www.franciscansusa.org\/es\/wp-json\/wp\/v2\/pages"}],"about":[{"href":"https:\/\/www.franciscansusa.org\/es\/wp-json\/wp\/v2\/types\/page"}],"author":[{"embeddable":true,"href":"https:\/\/www.franciscansusa.org\/es\/wp-json\/wp\/v2\/users\/1"}],"replies":[{"embeddable":true,"href":"https:\/\/www.franciscansusa.org\/es\/wp-json\/wp\/v2\/comments?post=14714"}],"version-history":[{"count":6,"href":"https:\/\/www.franciscansusa.org\/es\/wp-json\/wp\/v2\/pages\/14714\/revisions"}],"predecessor-version":[{"id":14722,"href":"https:\/\/www.franciscansusa.org\/es\/wp-json\/wp\/v2\/pages\/14714\/revisions\/14722"}],"wp:attachment":[{"href":"https:\/\/www.franciscansusa.org\/es\/wp-json\/wp\/v2\/media?parent=14714"}],"curies":[{"name":"gracias","href":"https:\/\/api.w.org\/{rel}","templated":true}]}}

<div class="wpb-content-wrapper"><section class="l-section wpb_row height_medium"><div class="l-section-h i-cf"><div class="g-cols vc_row type_default valign_top"><div class="vc_col-sm-6 wpb_column vc_column_container"><div class="vc_column-inner"><div class="wpb_wrapper"><div class="w-image align_none"><div class="w-image-h"><img loading="lazy" decoding="async" width="686" height="1024" src="https://www.franciscansusa.org/wp-content/uploads/2022/11/peace-and-blessings-686x1024.jpg" class="attachment-large size-large" alt="" srcset="https://www.franciscansusa.org/wp-content/uploads/2022/11/peace-and-blessings-686x1024.jpg 686w, https://www.franciscansusa.org/wp-content/uploads/2022/11/peace-and-blessings-201x300.jpg 201w, https://www.franciscansusa.org/wp-content/uploads/2022/11/peace-and-blessings-8x12.jpg 8w, https://www.franciscansusa.org/wp-content/uploads/2022/11/peace-and-blessings-100x150.jpg 100w, https://www.franciscansusa.org/wp-content/uploads/2022/11/peace-and-blessings-268x400.jpg 268w, https://www.franciscansusa.org/wp-content/uploads/2022/11/peace-and-blessings-402x600.jpg 402w, https://www.franciscansusa.org/wp-content/uploads/2022/11/peace-and-blessings-600x896.jpg 600w, https://www.franciscansusa.org/wp-content/uploads/2022/11/peace-and-blessings.jpg 1084w" sizes="auto, (max-width: 686px) 100vw, 686px" /></div></div><div class="w-separator size_small"></div></div></div></div><div class="vc_col-sm-6 wpb_column vc_column_container"><div class="vc_column-inner"><div class="wpb_wrapper"><div class="wpb_text_column" ><div class="wpb_wrapper"><h4>Nuestra Señora de Consolación</h4>
<p>En la foto aparece una estatua de Nuestra Señora de la Consolación, patrona de nuestra provincia franciscana conventual. La estatua se encuentra en la Basílica y Santuario Nacional de Nuestra Señora de la Consolación en Carey, Ohio, donde nuestros frailes han ministrado desde 1912. En la base de la estatua está su título en latín, Consolatrix Afflictorum, que se traduce como “Consuelo de los afligidos”. Este título data del siglo II y es uno de los títulos más antiguos atribuidos a nuestra Santísima Madre. Como custodios de la Basílica y Santuario Nacional de Nuestra Señora de la Consolación, nuestros frailes han llevado su mensaje de consuelo y cuidado a miles de peregrinos en los 147 años de historia del Santuario.</p>
<p>Nuestros frailes llevan este mensaje de consuelo y cuidado a todos sus ministerios, desde el suroeste hasta el medio oeste, pasando por Centroamérica y Zambia. Al igual que la Santísima Madre, que ofrece al Niño Jesús al espectador, nuestros frailes ofrecen al Cristo compasivo y sanador a todos.</p>
<p>Estamos muy agradecidos de tenerlo como uno de nuestros innumerables socios en este ministerio de consuelo y compasión. Sus oraciones y palabras de aliento, así como su apoyo financiero, nos fortalecen e inspiran en nuestra búsqueda de vivir la vida del Evangelio.</p>
<p>Gracias por su continuo amor y apoyo,</p>
</div></div><div class="w-image align_none"><div class="w-image-h"><img loading="lazy" decoding="async" width="150" height="88" src="https://www.franciscansusa.org/wp-content/uploads/2022/11/the-friars-150x88.png" class="attachment-us_150_150 size-us_150_150" alt="" srcset="https://www.franciscansusa.org/wp-content/uploads/2022/11/the-friars-150x88.png 150w, https://www.franciscansusa.org/wp-content/uploads/2022/11/the-friars-300x177.png 300w, https://www.franciscansusa.org/wp-content/uploads/2022/11/the-friars-18x12.png 18w, https://www.franciscansusa.org/wp-content/uploads/2022/11/the-friars-600x354.png 600w, https://www.franciscansusa.org/wp-content/uploads/2022/11/the-friars.png 872w" sizes="auto, (max-width: 150px) 100vw, 150px" /></div></div></div></div></div></div></div></section>
</div>

En la imagen se muestra una estatua de Nuestra Señora de la Consolación, patrona de nuestra provincia franciscana conventual. La estatua se encuentra en la Basílica y Santuario Nacional de Nuestra Señora de la Consolación en Carey, Ohio, donde nuestros frailes han ejercido su ministerio desde 1912. En la base de la estatua se encuentra su título en latín...
