{"id":20254,"date":"2024-11-11T09:09:04","date_gmt":"2024-11-11T14:09:04","guid":{"rendered":"https:\/\/www.franciscansusa.org\/?page_id=20254"},"modified":"2024-11-11T09:34:33","modified_gmt":"2024-11-11T14:34:33","slug":"bring-hope","status":"publish","type":"page","link":"https:\/\/www.franciscansusa.org\/es\/bring-hope\/","title":{"rendered":"Abriendo Puertas de Esperanza: Apoyando la Misi\u00f3n de los Frailes"},"content":{"rendered":"<div class=\"wpb-content-wrapper\"><section class=\"l-section wpb_row height_huge with_img with_overlay\"><div class=\"l-section-img\" style=\"background-image: url(https:\/\/www.franciscansusa.org\/wp-content\/uploads\/2021\/11\/christmas-intentions.jpg);\" data-img-width=\"800\" data-img-height=\"533\"><\/div><div class=\"l-section-overlay\" style=\"background: rgba(0,0,0,0.6)\"><\/div><div class=\"l-section-h i-cf\"><div class=\"g-cols vc_row type_default valign_top\"><div class=\"vc_col-sm-12 wpb_column vc_column_container\"><div class=\"vc_column-inner\"><div class=\"wpb_wrapper\"><div class=\"wpb_text_column\" ><div class=\"wpb_wrapper\"><h2><span style=\"color: #ffffff;\"><strong>Abriendo Puertas de Esperanza: Apoyando la Misi\u00f3n de los Frailes<br \/>\n<\/strong><\/span><\/h2>\n<\/div><\/div><\/div><\/div><\/div><\/div><\/div><\/section><section class=\"l-section wpb_row height_medium\"><div class=\"l-section-h i-cf\"><div class=\"g-cols vc_row type_default valign_top\"><div class=\"vc_col-sm-6 wpb_column vc_column_container\"><div class=\"vc_column-inner\"><div class=\"wpb_wrapper\"><div class=\"wpb_text_column\" ><div class=\"wpb_wrapper\"><h2><strong>\u00danase a nosotros para llevar esperanza a los marginados<\/strong><\/h2>\n<p>En esta temporada navide\u00f1a, te invitamos a ser parte de nuestra misi\u00f3n de llevar la luz de la esperanza a quienes m\u00e1s la necesitan. Mientras nos preparamos para el A\u00f1o Jubilar 2025, un a\u00f1o dedicado a ser \u201cPeregrinos de la Esperanza\u201d, los Frailes Franciscanos Conventuales de la Provincia de Nuestra Se\u00f1ora de la Consolaci\u00f3n llevan adelante la vital labor de ministrar a quienes se encuentran en las periferias. Inspirados por el llamado del Papa Francisco a llegar a todos, especialmente a quienes se encuentran al margen de la fe, la pobreza y la enfermedad, nuestros frailes se mantienen firmes en su misi\u00f3n en parroquias, santuarios, centros de retiro y campus universitarios en los Estados Unidos, Zambia y Am\u00e9rica Central.<\/p>\n<p>Con un enfoque especial en ayudar a los desesperados y proveer a nuestros frailes mayores que sirven en apoyo con oraci\u00f3n, su donaci\u00f3n nos permite:<\/p>\n<ul>\n<li>Sostener ministerios que cambien la vida de quienes tienen necesidades espirituales y materiales.<\/li>\n<li>Ofrecer apoyo y dignidad a nuestros frailes mayores que contin\u00faan orando por las necesidades de la Iglesia.<\/li>\n<li>Ampliar nuestro alcance a las comunidades de los EE. UU., Zambia y Am\u00e9rica Central, donde m\u00e1s se necesita esperanza.<\/li>\n<\/ul>\n<p>Juntos podemos encarnar el mensaje de Navidad y del A\u00f1o Jubilar llevando esperanza a aquellos que pueden sentirse olvidados.<\/p>\n<h2>Haz una donaci\u00f3n hoy<\/h2>\n<p>\u00danase a nosotros para abrir una puerta de amor y compasi\u00f3n. Su generoso apoyo permitir\u00e1 a nuestros frailes servir fielmente, tal como nuestro difunto fraile Barnabas Kannenberg, OFM Conv., dedic\u00f3 su vida a orar por la Iglesia. Su donaci\u00f3n hace posible continuar su legado, llevando esperanza a quienes m\u00e1s la necesitan.<\/p>\n<p>Esta Navidad, generemos un impacto que trascienda fronteras y l\u00edmites, guiados por la fe y la compasi\u00f3n. Gracias, y que esta temporada de fiestas te llene de paz y alegr\u00eda.<\/p>\n<p><strong>Juntos, seamos un portal de esperanza para todos los que conozcamos.<\/strong><\/p>\n<\/div><\/div><div class=\"w-separator size_small\"><\/div><\/div><\/div><\/div><div class=\"vc_col-sm-6 wpb_column vc_column_container\"><div class=\"vc_column-inner\"><div class=\"wpb_wrapper\">\n\t<div class=\"wpb_raw_code wpb_raw_html wpb_content_element us_custom_909b2fd0\" >\n\t\t<div class=\"wpb_wrapper\">\n\t\t\t<div class=\"qgiv-embed-container\" data-qgiv-embed=\"true\" data-embed-id=\"75937\" data-embed=\"https:\/\/secure.qgiv.com\/for\/2024christmasappeal\/embed\/75937\/\" data-width=\"630\"><\/div>\n<script>(function(w, d, s, id){var js, fjs = d.getElementsByTagName(s)[0];if (d.getElementById(id)) return;js = d.createElement(s); js.id = id;js.src = \"https:\/\/secure.qgiv.com\/resources\/core\/js\/embed.js\";fjs.parentNode.insertBefore(js, fjs);})(window, document, 'script', 'qgiv-embedjs');<\/script>\n\t\t<\/div>\n\t<\/div>\n<div class=\"w-image align_none\"><div class=\"w-image-h\"><img loading=\"lazy\" decoding=\"async\" width=\"512\" height=\"1024\" src=\"https:\/\/www.franciscansusa.org\/wp-content\/uploads\/2020\/06\/donate-side-512x1024.png\" class=\"attachment-large size-large\" alt=\"\" srcset=\"https:\/\/www.franciscansusa.org\/wp-content\/uploads\/2020\/06\/donate-side-512x1024.png 512w, https:\/\/www.franciscansusa.org\/wp-content\/uploads\/2020\/06\/donate-side-6x12.png 6w, https:\/\/www.franciscansusa.org\/wp-content\/uploads\/2020\/06\/donate-side-75x150.png 75w, https:\/\/www.franciscansusa.org\/wp-content\/uploads\/2020\/06\/donate-side-200x400.png 200w, https:\/\/www.franciscansusa.org\/wp-content\/uploads\/2020\/06\/donate-side-300x600.png 300w, https:\/\/www.franciscansusa.org\/wp-content\/uploads\/2020\/06\/donate-side-150x300.png 150w, https:\/\/www.franciscansusa.org\/wp-content\/uploads\/2020\/06\/donate-side-600x1200.png 600w, https:\/\/www.franciscansusa.org\/wp-content\/uploads\/2020\/06\/donate-side.png 700w\" sizes=\"auto, (max-width: 512px) 100vw, 512px\" \/><\/div><\/div><\/div><\/div><\/div><\/div><\/div><\/section>\n<\/div>","protected":false},"excerpt":{"rendered":"Abriendo Puertas de Esperanza: Apoya la Misi\u00f3n de los Frailes. \u00danete a nosotros para llevar esperanza a los marginados. En esta Navidad, te invitamos a formar parte de nuestra misi\u00f3n de llevar la luz de la esperanza a quienes m\u00e1s la necesitan. Mientras nos preparamos para el A\u00f1o Jubilar 2025, un a\u00f1o dedicado a ser...","protected":false},"author":1,"featured_media":0,"parent":0,"menu_order":0,"comment_status":"closed","ping_status":"closed","template":"","meta":{"om_disable_all_campaigns":false,"_monsterinsights_skip_tracking":false,"_monsterinsights_sitenote_active":false,"_monsterinsights_sitenote_note":"","_monsterinsights_sitenote_category":0,"_uf_show_specific_survey":0,"_uf_disable_surveys":false,"footnotes":""},"class_list":["post-20254","page","type-page","status-publish","hentry"],"aioseo_notices":[],"publishpress_future_action":{"enabled":false,"date":"2026-05-07 11:59:48","action":"change-status","newStatus":"draft","terms":[],"taxonomy":"","extraData":[]},"publishpress_future_workflow_manual_trigger":{"enabledWorkflows":[]},"_links":{"self":[{"href":"https:\/\/www.franciscansusa.org\/es\/wp-json\/wp\/v2\/pages\/20254","targetHints":{"allow":["GET"]}}],"collection":[{"href":"https:\/\/www.franciscansusa.org\/es\/wp-json\/wp\/v2\/pages"}],"about":[{"href":"https:\/\/www.franciscansusa.org\/es\/wp-json\/wp\/v2\/types\/page"}],"author":[{"embeddable":true,"href":"https:\/\/www.franciscansusa.org\/es\/wp-json\/wp\/v2\/users\/1"}],"replies":[{"embeddable":true,"href":"https:\/\/www.franciscansusa.org\/es\/wp-json\/wp\/v2\/comments?post=20254"}],"version-history":[{"count":3,"href":"https:\/\/www.franciscansusa.org\/es\/wp-json\/wp\/v2\/pages\/20254\/revisions"}],"predecessor-version":[{"id":20257,"href":"https:\/\/www.franciscansusa.org\/es\/wp-json\/wp\/v2\/pages\/20254\/revisions\/20257"}],"wp:attachment":[{"href":"https:\/\/www.franciscansusa.org\/es\/wp-json\/wp\/v2\/media?parent=20254"}],"curies":[{"name":"gracias","href":"https:\/\/api.w.org\/{rel}","templated":true}]}}

Abriendo Puertas de Esperanza: Apoyando la Misión de los Frailes

<div class="wpb-content-wrapper"><section class="l-section wpb_row height_huge with_img with_overlay"><div class="l-section-img" style="background-image: url(https://www.franciscansusa.org/wp-content/uploads/2021/11/christmas-intentions.jpg);" data-img-width="800" data-img-height="533"></div><div class="l-section-overlay" style="background: rgba(0,0,0,0.6)"></div><div class="l-section-h i-cf"><div class="g-cols vc_row type_default valign_top"><div class="vc_col-sm-12 wpb_column vc_column_container"><div class="vc_column-inner"><div class="wpb_wrapper"><div class="wpb_text_column" ><div class="wpb_wrapper"><h2><span style="color: #ffffff;"><strong>Abriendo Puertas de Esperanza: Apoyando la Misión de los Frailes<br />
</strong></span></h2>
</div></div></div></div></div></div></div></section><section class="l-section wpb_row height_medium"><div class="l-section-h i-cf"><div class="g-cols vc_row type_default valign_top"><div class="vc_col-sm-6 wpb_column vc_column_container"><div class="vc_column-inner"><div class="wpb_wrapper"><div class="wpb_text_column" ><div class="wpb_wrapper"><h2><strong>Únase a nosotros para llevar esperanza a los marginados</strong></h2>
<p>En esta temporada navideña, te invitamos a ser parte de nuestra misión de llevar la luz de la esperanza a quienes más la necesitan. Mientras nos preparamos para el Año Jubilar 2025, un año dedicado a ser “Peregrinos de la Esperanza”, los Frailes Franciscanos Conventuales de la Provincia de Nuestra Señora de la Consolación llevan adelante la vital labor de ministrar a quienes se encuentran en las periferias. Inspirados por el llamado del Papa Francisco a llegar a todos, especialmente a quienes se encuentran al margen de la fe, la pobreza y la enfermedad, nuestros frailes se mantienen firmes en su misión en parroquias, santuarios, centros de retiro y campus universitarios en los Estados Unidos, Zambia y América Central.</p>
<p>Con un enfoque especial en ayudar a los desesperados y proveer a nuestros frailes mayores que sirven en apoyo con oración, su donación nos permite:</p>
<ul>
<li>Sostener ministerios que cambien la vida de quienes tienen necesidades espirituales y materiales.</li>
<li>Ofrecer apoyo y dignidad a nuestros frailes mayores que continúan orando por las necesidades de la Iglesia.</li>
<li>Ampliar nuestro alcance a las comunidades de los EE. UU., Zambia y América Central, donde más se necesita esperanza.</li>
</ul>
<p>Juntos podemos encarnar el mensaje de Navidad y del Año Jubilar llevando esperanza a aquellos que pueden sentirse olvidados.</p>
<h2>Haz una donación hoy</h2>
<p>Únase a nosotros para abrir una puerta de amor y compasión. Su generoso apoyo permitirá a nuestros frailes servir fielmente, tal como nuestro difunto fraile Barnabas Kannenberg, OFM Conv., dedicó su vida a orar por la Iglesia. Su donación hace posible continuar su legado, llevando esperanza a quienes más la necesitan.</p>
<p>Esta Navidad, generemos un impacto que trascienda fronteras y límites, guiados por la fe y la compasión. Gracias, y que esta temporada de fiestas te llene de paz y alegría.</p>
<p><strong>Juntos, seamos un portal de esperanza para todos los que conozcamos.</strong></p>
</div></div><div class="w-separator size_small"></div></div></div></div><div class="vc_col-sm-6 wpb_column vc_column_container"><div class="vc_column-inner"><div class="wpb_wrapper">
	<div class="wpb_raw_code wpb_raw_html wpb_content_element us_custom_909b2fd0" >
		<div class="wpb_wrapper">
			<div class="qgiv-embed-container" data-qgiv-embed="true" data-embed-id="75937" data-embed="https://secure.qgiv.com/for/2024christmasappeal/embed/75937/" data-width="630"></div>
<script>(function(w, d, s, id){var js, fjs = d.getElementsByTagName(s)[0];if (d.getElementById(id)) return;js = d.createElement(s); js.id = id;js.src = "https://secure.qgiv.com/resources/core/js/embed.js";fjs.parentNode.insertBefore(js, fjs);})(window, document, 'script', 'qgiv-embedjs');</script>
		</div>
	</div>
<div class="w-image align_none"><div class="w-image-h"><img loading="lazy" decoding="async" width="512" height="1024" src="https://www.franciscansusa.org/wp-content/uploads/2020/06/donate-side-512x1024.png" class="attachment-large size-large" alt="" srcset="https://www.franciscansusa.org/wp-content/uploads/2020/06/donate-side-512x1024.png 512w, https://www.franciscansusa.org/wp-content/uploads/2020/06/donate-side-6x12.png 6w, https://www.franciscansusa.org/wp-content/uploads/2020/06/donate-side-75x150.png 75w, https://www.franciscansusa.org/wp-content/uploads/2020/06/donate-side-200x400.png 200w, https://www.franciscansusa.org/wp-content/uploads/2020/06/donate-side-300x600.png 300w, https://www.franciscansusa.org/wp-content/uploads/2020/06/donate-side-150x300.png 150w, https://www.franciscansusa.org/wp-content/uploads/2020/06/donate-side-600x1200.png 600w, https://www.franciscansusa.org/wp-content/uploads/2020/06/donate-side.png 700w" sizes="auto, (max-width: 512px) 100vw, 512px" /></div></div></div></div></div></div></div></section>
</div>

Abriendo Puertas de Esperanza: Apoya la Misión de los Frailes. Únete a nosotros para llevar esperanza a los marginados. En esta Navidad, te invitamos a formar parte de nuestra misión de llevar la luz de la esperanza a quienes más la necesitan. Mientras nos preparamos para el Año Jubilar 2025, un año dedicado a ser...
