{"id":7457,"date":"2020-02-05T13:29:18","date_gmt":"2020-02-05T13:29:18","guid":{"rendered":"http:\/\/www.franciscansusa.dev\/franciscansusa.org\/?page_id=7457"},"modified":"2020-02-05T14:13:35","modified_gmt":"2020-02-05T14:13:35","slug":"province-history","status":"publish","type":"page","link":"https:\/\/www.franciscansusa.org\/es\/province-history\/","title":{"rendered":"Historia de la provincia"},"content":{"rendered":"<div class=\"wpb-content-wrapper\"><section class=\"l-section wpb_row height_medium\"><div class=\"l-section-h i-cf\"><div class=\"g-cols vc_row type_default valign_top\"><div class=\"vc_col-sm-8 wpb_column vc_column_container\"><div class=\"vc_column-inner\"><div class=\"wpb_wrapper\"><div class=\"wpb_text_column\" ><div class=\"wpb_wrapper\"><div class=\"page\" title=\"P\u00e1gina 1\">\n<div class=\"section\">\n<div class=\"layoutArea\">\n<div class=\"column\">\n<p>Los frailes franciscanos conventuales llegaron por primera vez a los Estados Unidos en 1852 para servir a los inmigrantes de habla alemana en Galveston, Texas. Desde all\u00ed, los frailes emigraron al Medio Oeste y regresaron a la costa este. Para 1872, el n\u00famero de frailes y la cantidad de actividad en los EE. UU. creci\u00f3 hasta el punto en que se estableci\u00f3 una Provincia, llamada as\u00ed por la Inmaculada Concepci\u00f3n y con sede en Nueva York. Con el tiempo, se formaron otras provincias en todo el pa\u00eds.<\/p>\n<p>En 1926, se form\u00f3 la Provincia de Nuestra Se\u00f1ora de la Consolaci\u00f3n para servir en el Medio Oeste. Tiene su centro en Mount St. Francis, ubicado en las colinas del sur de Indiana al otro lado del r\u00edo Ohio desde Louisville, Kentucky. Debido a que los frailes en Ohio hab\u00edan sido guardianes y ministros en el Santuario de Nuestra Se\u00f1ora de la Consolaci\u00f3n en Carey, Ohio desde 1912, se eligi\u00f3 el nombre de Nuestra Se\u00f1ora de la Consolaci\u00f3n para nuestra provincia.<\/p>\n<\/div>\n<\/div>\n<\/div>\n<\/div>\n<\/div><\/div><div class=\"w-separator size_medium with_line width_default thick_1 style_solid color_secondary align_center\"><div class=\"w-separator-h\"><\/div><\/div><div class=\"wpb_text_column\" ><div class=\"wpb_wrapper\"><div class=\"page\" title=\"P\u00e1gina 1\">\n<div class=\"section\">\n<div class=\"layoutArea\">\n<div class=\"column\">\n<h4 style=\"text-align: center;\"><span style=\"color: #7d7979;\">Hoy nuestra Provincia tiene 99 frailes sirviendo en \u00e1reas desde el Alto Medio Oeste hasta el desierto del Suroeste.<\/span><\/h4>\n<\/div>\n<\/div>\n<\/div>\n<\/div>\n<\/div><\/div><div class=\"w-separator size_medium with_line width_default thick_1 style_solid color_secondary align_center\"><div class=\"w-separator-h\"><\/div><\/div><div class=\"wpb_text_column\" ><div class=\"wpb_wrapper\"><div class=\"page\" title=\"P\u00e1gina 1\">\n<div class=\"section\">\n<div class=\"layoutArea\">\n<div class=\"column\">\n<p>En 2012, el Santuario de Nuestra Se\u00f1ora de la Consolaci\u00f3n celebr\u00f3 su centenario de la mayordom\u00eda de la Bas\u00edlica y el Santuario parroquial por parte de los Frailes Conventuales.<\/p>\n<\/div>\n<\/div>\n<\/div>\n<\/div>\n<\/div><\/div><\/div><\/div><\/div><div class=\"vc_col-sm-4 wpb_column vc_column_container\"><div class=\"vc_column-inner\"><div class=\"wpb_wrapper\"><div class=\"w-image style_shadow-1 align_none\"><div class=\"w-image-h\"><img loading=\"lazy\" decoding=\"async\" width=\"754\" height=\"1024\" src=\"https:\/\/www.franciscansusa.org\/wp-content\/uploads\/2020\/02\/Screenshot-2020-02-05-08.22.27-754x1024.png\" class=\"attachment-large size-large\" alt=\"\" srcset=\"https:\/\/www.franciscansusa.org\/wp-content\/uploads\/2020\/02\/Screenshot-2020-02-05-08.22.27-754x1024.png 754w, https:\/\/www.franciscansusa.org\/wp-content\/uploads\/2020\/02\/Screenshot-2020-02-05-08.22.27-9x12.png 9w, https:\/\/www.franciscansusa.org\/wp-content\/uploads\/2020\/02\/Screenshot-2020-02-05-08.22.27-110x150.png 110w, https:\/\/www.franciscansusa.org\/wp-content\/uploads\/2020\/02\/Screenshot-2020-02-05-08.22.27-294x400.png 294w, https:\/\/www.franciscansusa.org\/wp-content\/uploads\/2020\/02\/Screenshot-2020-02-05-08.22.27-442x600.png 442w, https:\/\/www.franciscansusa.org\/wp-content\/uploads\/2020\/02\/Screenshot-2020-02-05-08.22.27-221x300.png 221w, https:\/\/www.franciscansusa.org\/wp-content\/uploads\/2020\/02\/Screenshot-2020-02-05-08.22.27-600x815.png 600w, https:\/\/www.franciscansusa.org\/wp-content\/uploads\/2020\/02\/Screenshot-2020-02-05-08.22.27.png 976w\" sizes=\"auto, (max-width: 754px) 100vw, 754px\" \/><\/div><\/div><\/div><\/div><\/div><\/div><\/div><\/section><section class=\"l-section wpb_row us_custom_66234032 height_auto width_full with_img\"><div class=\"l-section-img\" style=\"background-image: url(https:\/\/www.franciscansusa.org\/wp-content\/uploads\/2020\/02\/father-mo2.jpg);\" data-img-width=\"2148\" data-img-height=\"720\"><\/div><div class=\"l-section-h i-cf\"><div class=\"g-cols vc_row type_default valign_top\"><div class=\"vc_col-sm-6 wpb_column vc_column_container\"><div class=\"vc_column-inner\"><div class=\"wpb_wrapper\"><div class=\"wpb_text_column us_custom_a26790b2\" ><div class=\"wpb_wrapper\"><div class=\"page\" title=\"P\u00e1gina 1\">\n<div class=\"section\">\n<div class=\"layoutArea\">\n<div class=\"column\">\n<h5><strong><span style=\"color: #003366;\">\u00bfQu\u00e9 significa cuando alguien tiene las iniciales \u201cOFM, Conv.\u201d despu\u00e9s de su nombre?<\/span><\/strong><\/h5>\n<p>La Orden de los Frailes Menores Conventuales es una de las tres ramas de la \u201cprimera orden\u201d de la familia franciscana fundada por San Francisco de As\u00eds a principios del siglo XIII. Es posible que tambi\u00e9n hayas visto las iniciales OFM (tambi\u00e9n del siglo XIII) y OFM, Cap (siglo XVI). Esas son las designaciones de los otros dos.<\/p>\n<p>Si bien compartimos muchas cosas en com\u00fan (nuestros votos, vidas de servicio, nuestro compromiso con los pobres), somos distintos en formas significativas.<\/p>\n<\/div>\n<div class=\"column\">\n<p>El padre Maurice Hayes disfruta conocer al miembro m\u00e1s joven de la iglesia<\/p>\n<\/div>\n<\/div>\n<div class=\"layoutArea\">\n<div class=\"column\">\n<p>Los seguidores conventuales de San Francisco optaron por ministrar en el coraz\u00f3n de la ciudad en lugar de en ermitas remotas; se unieron en comunidades concentradas en lugar de deambular como predicadores itinerantes. De ah\u00ed el sufijo Conventual, derivado del lat\u00edn convenire, \u201cunirse\u201d.<\/p>\n<p>(Franciscanos Conventuales, Melnick y Wood, 1996)<\/p>\n<\/div>\n<\/div>\n<\/div>\n<\/div>\n<\/div><\/div><\/div><\/div><\/div><div class=\"vc_col-sm-6 wpb_column vc_column_container\"><div class=\"vc_column-inner us_custom_d03a1b53\"><div class=\"wpb_wrapper\"><div class=\"wpb_text_column us_custom_8b758746\" ><div class=\"wpb_wrapper\"><div class=\"page\" title=\"P\u00e1gina 1\">\n<div class=\"section\">\n<div class=\"layoutArea\">\n<div class=\"column\">\n<p>El padre Maurice Hayes disfruta conocer al miembro m\u00e1s joven de la iglesia<\/p>\n<\/div>\n<\/div>\n<\/div>\n<\/div>\n<\/div><\/div><\/div><\/div><\/div><\/div><\/div><\/section><section class=\"l-section wpb_row height_medium\"><div class=\"l-section-h i-cf\"><div class=\"g-cols vc_row type_default valign_top\"><div class=\"vc_col-sm-8 wpb_column vc_column_container\"><div class=\"vc_column-inner\"><div class=\"wpb_wrapper\"><div class=\"w-image align_none\"><div class=\"w-image-h\"><img loading=\"lazy\" decoding=\"async\" width=\"1024\" height=\"636\" src=\"https:\/\/www.franciscansusa.org\/wp-content\/uploads\/2020\/02\/province-map-1024x636.png\" class=\"attachment-large size-large\" alt=\"\" srcset=\"https:\/\/www.franciscansusa.org\/wp-content\/uploads\/2020\/02\/province-map-1024x636.png 1024w, https:\/\/www.franciscansusa.org\/wp-content\/uploads\/2020\/02\/province-map-18x12.png 18w, https:\/\/www.franciscansusa.org\/wp-content\/uploads\/2020\/02\/province-map-150x93.png 150w, https:\/\/www.franciscansusa.org\/wp-content\/uploads\/2020\/02\/province-map-600x373.png 600w, https:\/\/www.franciscansusa.org\/wp-content\/uploads\/2020\/02\/province-map-300x186.png 300w, https:\/\/www.franciscansusa.org\/wp-content\/uploads\/2020\/02\/province-map.png 1440w\" sizes=\"auto, (max-width: 1024px) 100vw, 1024px\" \/><\/div><\/div><\/div><\/div><\/div><div class=\"vc_col-sm-4 wpb_column vc_column_container\"><div class=\"vc_column-inner\"><div class=\"wpb_wrapper\"><\/div><\/div><\/div><\/div><\/div><\/section>\n<\/div>","protected":false},"excerpt":{"rendered":"Los Frailes Franciscanos Conventuales llegaron por primera vez a los Estados Unidos en 1852 para servir a los inmigrantes de habla alemana en Galveston, Texas. Desde all\u00ed, los frailes emigraron al Medio Oeste y regresaron a la costa este. En 1872, el n\u00famero de frailes y la cantidad de actividad en los EE. UU. crecieron hasta el punto en que se estableci\u00f3 una Provincia, llamada...","protected":false},"author":1,"featured_media":0,"parent":0,"menu_order":0,"comment_status":"closed","ping_status":"closed","template":"","meta":{"om_disable_all_campaigns":false,"_monsterinsights_skip_tracking":false,"_monsterinsights_sitenote_active":false,"_monsterinsights_sitenote_note":"","_monsterinsights_sitenote_category":0,"_uf_show_specific_survey":0,"_uf_disable_surveys":false,"footnotes":""},"class_list":["post-7457","page","type-page","status-publish","hentry"],"aioseo_notices":[],"publishpress_future_action":{"enabled":false,"date":"2026-05-06 14:22:57","action":"change-status","newStatus":"draft","terms":[],"taxonomy":"","extraData":[]},"publishpress_future_workflow_manual_trigger":{"enabledWorkflows":[]},"_links":{"self":[{"href":"https:\/\/www.franciscansusa.org\/es\/wp-json\/wp\/v2\/pages\/7457","targetHints":{"allow":["GET"]}}],"collection":[{"href":"https:\/\/www.franciscansusa.org\/es\/wp-json\/wp\/v2\/pages"}],"about":[{"href":"https:\/\/www.franciscansusa.org\/es\/wp-json\/wp\/v2\/types\/page"}],"author":[{"embeddable":true,"href":"https:\/\/www.franciscansusa.org\/es\/wp-json\/wp\/v2\/users\/1"}],"replies":[{"embeddable":true,"href":"https:\/\/www.franciscansusa.org\/es\/wp-json\/wp\/v2\/comments?post=7457"}],"version-history":[{"count":21,"href":"https:\/\/www.franciscansusa.org\/es\/wp-json\/wp\/v2\/pages\/7457\/revisions"}],"predecessor-version":[{"id":7489,"href":"https:\/\/www.franciscansusa.org\/es\/wp-json\/wp\/v2\/pages\/7457\/revisions\/7489"}],"wp:attachment":[{"href":"https:\/\/www.franciscansusa.org\/es\/wp-json\/wp\/v2\/media?parent=7457"}],"curies":[{"name":"gracias","href":"https:\/\/api.w.org\/{rel}","templated":true}]}}

<div class="wpb-content-wrapper"><section class="l-section wpb_row height_medium"><div class="l-section-h i-cf"><div class="g-cols vc_row type_default valign_top"><div class="vc_col-sm-8 wpb_column vc_column_container"><div class="vc_column-inner"><div class="wpb_wrapper"><div class="wpb_text_column" ><div class="wpb_wrapper"><div class="page" title="Página 1">
<div class="section">
<div class="layoutArea">
<div class="column">
<p>Los frailes franciscanos conventuales llegaron por primera vez a los Estados Unidos en 1852 para servir a los inmigrantes de habla alemana en Galveston, Texas. Desde allí, los frailes emigraron al Medio Oeste y regresaron a la costa este. Para 1872, el número de frailes y la cantidad de actividad en los EE. UU. creció hasta el punto en que se estableció una Provincia, llamada así por la Inmaculada Concepción y con sede en Nueva York. Con el tiempo, se formaron otras provincias en todo el país.</p>
<p>En 1926, se formó la Provincia de Nuestra Señora de la Consolación para servir en el Medio Oeste. Tiene su centro en Mount St. Francis, ubicado en las colinas del sur de Indiana al otro lado del río Ohio desde Louisville, Kentucky. Debido a que los frailes en Ohio habían sido guardianes y ministros en el Santuario de Nuestra Señora de la Consolación en Carey, Ohio desde 1912, se eligió el nombre de Nuestra Señora de la Consolación para nuestra provincia.</p>
</div>
</div>
</div>
</div>
</div></div><div class="w-separator size_medium with_line width_default thick_1 style_solid color_secondary align_center"><div class="w-separator-h"></div></div><div class="wpb_text_column" ><div class="wpb_wrapper"><div class="page" title="Página 1">
<div class="section">
<div class="layoutArea">
<div class="column">
<h4 style="text-align: center;"><span style="color: #7d7979;">Hoy nuestra Provincia tiene 99 frailes sirviendo en áreas desde el Alto Medio Oeste hasta el desierto del Suroeste.</span></h4>
</div>
</div>
</div>
</div>
</div></div><div class="w-separator size_medium with_line width_default thick_1 style_solid color_secondary align_center"><div class="w-separator-h"></div></div><div class="wpb_text_column" ><div class="wpb_wrapper"><div class="page" title="Página 1">
<div class="section">
<div class="layoutArea">
<div class="column">
<p>En 2012, el Santuario de Nuestra Señora de la Consolación celebró su centenario de la mayordomía de la Basílica y el Santuario parroquial por parte de los Frailes Conventuales.</p>
</div>
</div>
</div>
</div>
</div></div></div></div></div><div class="vc_col-sm-4 wpb_column vc_column_container"><div class="vc_column-inner"><div class="wpb_wrapper"><div class="w-image style_shadow-1 align_none"><div class="w-image-h"><img loading="lazy" decoding="async" width="754" height="1024" src="https://www.franciscansusa.org/wp-content/uploads/2020/02/Screenshot-2020-02-05-08.22.27-754x1024.png" class="attachment-large size-large" alt="" srcset="https://www.franciscansusa.org/wp-content/uploads/2020/02/Screenshot-2020-02-05-08.22.27-754x1024.png 754w, https://www.franciscansusa.org/wp-content/uploads/2020/02/Screenshot-2020-02-05-08.22.27-9x12.png 9w, https://www.franciscansusa.org/wp-content/uploads/2020/02/Screenshot-2020-02-05-08.22.27-110x150.png 110w, https://www.franciscansusa.org/wp-content/uploads/2020/02/Screenshot-2020-02-05-08.22.27-294x400.png 294w, https://www.franciscansusa.org/wp-content/uploads/2020/02/Screenshot-2020-02-05-08.22.27-442x600.png 442w, https://www.franciscansusa.org/wp-content/uploads/2020/02/Screenshot-2020-02-05-08.22.27-221x300.png 221w, https://www.franciscansusa.org/wp-content/uploads/2020/02/Screenshot-2020-02-05-08.22.27-600x815.png 600w, https://www.franciscansusa.org/wp-content/uploads/2020/02/Screenshot-2020-02-05-08.22.27.png 976w" sizes="auto, (max-width: 754px) 100vw, 754px" /></div></div></div></div></div></div></div></section><section class="l-section wpb_row us_custom_66234032 height_auto width_full with_img"><div class="l-section-img" style="background-image: url(https://www.franciscansusa.org/wp-content/uploads/2020/02/father-mo2.jpg);" data-img-width="2148" data-img-height="720"></div><div class="l-section-h i-cf"><div class="g-cols vc_row type_default valign_top"><div class="vc_col-sm-6 wpb_column vc_column_container"><div class="vc_column-inner"><div class="wpb_wrapper"><div class="wpb_text_column us_custom_a26790b2" ><div class="wpb_wrapper"><div class="page" title="Página 1">
<div class="section">
<div class="layoutArea">
<div class="column">
<h5><strong><span style="color: #003366;">¿Qué significa cuando alguien tiene las iniciales “OFM, Conv.” después de su nombre?</span></strong></h5>
<p>La Orden de los Frailes Menores Conventuales es una de las tres ramas de la “primera orden” de la familia franciscana fundada por San Francisco de Asís a principios del siglo XIII. Es posible que también hayas visto las iniciales OFM (también del siglo XIII) y OFM, Cap (siglo XVI). Esas son las designaciones de los otros dos.</p>
<p>Si bien compartimos muchas cosas en común (nuestros votos, vidas de servicio, nuestro compromiso con los pobres), somos distintos en formas significativas.</p>
</div>
<div class="column">
<p>El padre Maurice Hayes disfruta conocer al miembro más joven de la iglesia</p>
</div>
</div>
<div class="layoutArea">
<div class="column">
<p>Los seguidores conventuales de San Francisco optaron por ministrar en el corazón de la ciudad en lugar de en ermitas remotas; se unieron en comunidades concentradas en lugar de deambular como predicadores itinerantes. De ahí el sufijo Conventual, derivado del latín convenire, “unirse”.</p>
<p>(Franciscanos Conventuales, Melnick y Wood, 1996)</p>
</div>
</div>
</div>
</div>
</div></div></div></div></div><div class="vc_col-sm-6 wpb_column vc_column_container"><div class="vc_column-inner us_custom_d03a1b53"><div class="wpb_wrapper"><div class="wpb_text_column us_custom_8b758746" ><div class="wpb_wrapper"><div class="page" title="Página 1">
<div class="section">
<div class="layoutArea">
<div class="column">
<p>El padre Maurice Hayes disfruta conocer al miembro más joven de la iglesia</p>
</div>
</div>
</div>
</div>
</div></div></div></div></div></div></div></section><section class="l-section wpb_row height_medium"><div class="l-section-h i-cf"><div class="g-cols vc_row type_default valign_top"><div class="vc_col-sm-8 wpb_column vc_column_container"><div class="vc_column-inner"><div class="wpb_wrapper"><div class="w-image align_none"><div class="w-image-h"><img loading="lazy" decoding="async" width="1024" height="636" src="https://www.franciscansusa.org/wp-content/uploads/2020/02/province-map-1024x636.png" class="attachment-large size-large" alt="" srcset="https://www.franciscansusa.org/wp-content/uploads/2020/02/province-map-1024x636.png 1024w, https://www.franciscansusa.org/wp-content/uploads/2020/02/province-map-18x12.png 18w, https://www.franciscansusa.org/wp-content/uploads/2020/02/province-map-150x93.png 150w, https://www.franciscansusa.org/wp-content/uploads/2020/02/province-map-600x373.png 600w, https://www.franciscansusa.org/wp-content/uploads/2020/02/province-map-300x186.png 300w, https://www.franciscansusa.org/wp-content/uploads/2020/02/province-map.png 1440w" sizes="auto, (max-width: 1024px) 100vw, 1024px" /></div></div></div></div></div><div class="vc_col-sm-4 wpb_column vc_column_container"><div class="vc_column-inner"><div class="wpb_wrapper"></div></div></div></div></div></section>
</div>

Los Frailes Franciscanos Conventuales llegaron por primera vez a los Estados Unidos en 1852 para servir a los inmigrantes de habla alemana en Galveston, Texas. Desde allí, los frailes emigraron al Medio Oeste y regresaron a la costa este. En 1872, el número de frailes y la cantidad de actividad en los EE. UU. crecieron hasta el punto en que se estableció una Provincia, llamada...
