{"id":19723,"date":"2024-09-03T12:01:32","date_gmt":"2024-09-03T16:01:32","guid":{"rendered":"https:\/\/www.franciscansusa.org\/?post_type=event&#038;p=19723"},"modified":"2024-09-18T15:59:58","modified_gmt":"2024-09-18T19:59:58","slug":"owls-and-antlers-opening-reception","status":"publish","type":"event","link":"https:\/\/www.franciscansusa.org\/it\/event\/owls-and-antlers-opening-reception\/","title":{"rendered":"Gufi e corna... Saggezza e forza - Mostra d&#039;arte di Penny Sisto - Ricevimento di apertura"},"content":{"rendered":"<section class=\"l-section wpb_row height_medium\"><div class=\"l-section-h i-cf\"><div class=\"g-cols vc_row via_flex valign_top type_default stacking_default\"><div class=\"vc_col-sm-8 wpb_column vc_column_container\"><div class=\"vc_column-inner\"><div class=\"wpb_wrapper\"><div class=\"w-image align_none\"><div class=\"w-image-h\"><img decoding=\"async\" width=\"1024\" height=\"660\" src=\"https:\/\/www.franciscansusa.org\/wp-content\/uploads\/2024\/09\/Screenshot-2024-09-18-at-3.10.59\u202fPM-e1726686807579-1024x660.png\" class=\"attachment-large size-large\" alt=\"\" loading=\"lazy\" srcset=\"https:\/\/www.franciscansusa.org\/wp-content\/uploads\/2024\/09\/Screenshot-2024-09-18-at-3.10.59\u202fPM-e1726686807579-1024x660.png 1024w, https:\/\/www.franciscansusa.org\/wp-content\/uploads\/2024\/09\/Screenshot-2024-09-18-at-3.10.59\u202fPM-e1726686807579-300x193.png 300w, https:\/\/www.franciscansusa.org\/wp-content\/uploads\/2024\/09\/Screenshot-2024-09-18-at-3.10.59\u202fPM-e1726686807579-18x12.png 18w, https:\/\/www.franciscansusa.org\/wp-content\/uploads\/2024\/09\/Screenshot-2024-09-18-at-3.10.59\u202fPM-e1726686807579-150x97.png 150w, https:\/\/www.franciscansusa.org\/wp-content\/uploads\/2024\/09\/Screenshot-2024-09-18-at-3.10.59\u202fPM-e1726686807579-600x387.png 600w, https:\/\/www.franciscansusa.org\/wp-content\/uploads\/2024\/09\/Screenshot-2024-09-18-at-3.10.59\u202fPM-e1726686807579.png 1597w\" sizes=\"auto, (max-width: 1024px) 100vw, 1024px\" \/><\/div><\/div><div class=\"w-separator size_small\"><\/div><div class=\"wpb_text_column\"><div class=\"wpb_wrapper\"><h2>Owls and Antlers&#8230;Wisdom and Strength &#8211; Opening Reception<\/h2>\n<p><strong>Data e ora:<\/strong> Friday, October 11th, 6:30 PM<\/p>\n<p><strong>Place:<\/strong> Sala di Sant&#039;Antonio<br \/>\nMonte San Francesco \u2013 Centro di Spiritualit\u00e0<br \/>\n101 St. Anthony Dr.<br \/>\nMonte San Francesco, IN 47146<\/p>\n<p>Join us for the opening reception of &#8220;Owls and Antlers&#8230;Wisdom and Strength,&#8221; a profound quilt exhibition by renowned artist Penny Sisto. Created in the wake of a life-altering heart attack, these quilts reflect Penny&#8217;s deep gratitude for life, family, friends, and the practices that sustain the spirit\u2014art and yoga. Each piece in this collection is a testament to the wisdom we seek and the strength we muster as we navigate the winding paths of life.<\/p>\n<p><strong>Dichiarazione dell&#039;artista<\/strong><\/p>\n<p>It seems odd to give Thanks for a heart-attack..but that is what I do.<\/p>\n<p>Standing in the studio, suddenly hit with the worst pain of this lifetime I was drenched in sweat and for some reason I knew immediately what it was and I laid my body down on the cold floor of the studio and steadied my breath.<\/p>\n<p>Realizing that I had to get help quickly I slowly slid my body towards the studio door and called for Richard who was still out on the porch.<\/p>\n<p>He heard me and I said, \u00a0\u2018\u2019Please call the ambulance at Highlander Point , I am having a heart-attack.\u201d ..In less than five minutes they were here!<\/p>\n<p>As I lay on the floor I felt little or no fear..the overwhelming experience was one of Gratitude for this long Life, for Family and friends, for Art and Yoga.<\/p>\n<p>This group of quilts made during this period are echoes of what helps us deal with Life..Wisdom and Strength.<\/p>\n<p>In no way do I claim to have mastered either of them, but like all of us I do consciously strive to grow closer as this Lifetime winds down.<\/p>\n<p>Exhibit Runs: October 11th &#8211; November 27th<\/p>\n<p>Date e orari della mostra:<br \/>\n<b>Friday, October 11 &#8211; Opening Reception &#8211; 6:30 pm<br \/>\n<\/b>Monday October 14 &#8211; 11:00 am \u2013 2:00 pm<br \/>\nTuesday, October 15 &#8211; 11:00 am \u2013 2:00 pm<br \/>\nWednesday, October 16, 11:00 am \u2013 2:00 pm<br \/>\nWednesday, October 23, 11:00 am \u2013 2:00 pm<br \/>\nMonday, October 28, 11:00 am \u2013 2:00 pm<br \/>\nTuesday, October 29, 11:00 am \u2013 2:00 pm<br \/>\nWednesday, October 30, 11:00 am \u2013 2:00 pm<br \/>\nWednesday, November 6, 11:00 am \u2013 2:00 pm<br \/>\nThursday, November 7, 11:00 am \u2013 2:00 pm<br \/>\nMonday, November 11, 11:00 am \u2013 2:00 pm<br \/>\nTuesday, November 12, 11:00 am \u2013 2:00 pm<br \/>\nWednesday, November 20, 11:00 am \u2013 2:00 pm<br \/>\nSunday, November 24, 11:00 am \u2013 2:00 pm<br \/>\nMonday, November 25, 11:00 am \u2013 2:00 pm<br \/>\nTuesday, November 26, 11:00 am \u2013 2:00 pm<br \/>\nWednesday, November 27, 11:00 am \u2013 2:00 pm<\/p>\n<p>Luogo: St. Anthony Hall<br \/>\nCentro di spiritualit\u00e0 del Monte San Francesco<br \/>\n101 St. Anthony Dr.<br \/>\nMonte San Francesco, IN 47146<\/p>\n<\/div><\/div><div class=\"w-separator size_medium\"><\/div><div class=\"g-cols wpb_row via_flex valign_top type_default stacking_default\"><div class=\"vc_col-sm-12 wpb_column vc_column_container\"><div class=\"vc_column-inner\"><div class=\"wpb_wrapper\"><div class=\"wpb_text_column\"><div class=\"wpb_wrapper\"><h4>Incontra l&#039;artista<\/h4>\n<\/div><\/div><div class=\"w-separator size_medium\"><\/div><\/div><\/div><\/div><div class=\"vc_col-sm-4 wpb_column vc_column_container\"><div class=\"vc_column-inner\"><div class=\"wpb_wrapper\"><div class=\"w-person layout_circle\" itemscope itemtype=\"https:\/\/schema.org\/Person\"><div class=\"w-person-image\"><img loading=\"lazy\" decoding=\"async\" width=\"800\" height=\"800\" src=\"https:\/\/www.franciscansusa.org\/wp-content\/uploads\/2022\/09\/IMG_3351.jpg\" class=\"attachment-full size-full\" alt=\"\" itemprop=\"image\" srcset=\"https:\/\/www.franciscansusa.org\/wp-content\/uploads\/2022\/09\/IMG_3351.jpg 800w, https:\/\/www.franciscansusa.org\/wp-content\/uploads\/2022\/09\/IMG_3351-150x150.jpg 150w, https:\/\/www.franciscansusa.org\/wp-content\/uploads\/2022\/09\/IMG_3351-300x300.jpg 300w, https:\/\/www.franciscansusa.org\/wp-content\/uploads\/2022\/09\/IMG_3351-12x12.jpg 12w, https:\/\/www.franciscansusa.org\/wp-content\/uploads\/2022\/09\/IMG_3351-600x600.jpg 600w, https:\/\/www.franciscansusa.org\/wp-content\/uploads\/2022\/09\/IMG_3351-400x400.jpg 400w, https:\/\/www.franciscansusa.org\/wp-content\/uploads\/2022\/09\/IMG_3351-25x25.jpg 25w\" sizes=\"auto, (max-width: 800px) 100vw, 800px\" \/><\/div><div class=\"w-person-content\"><h4 itemprop=\"name\" class=\"w-person-name\"><span>Penny Sisto<\/span><\/h4><\/div><\/div><\/div><\/div><\/div><div class=\"vc_col-sm-8 wpb_column vc_column_container\"><div class=\"vc_column-inner\"><div class=\"wpb_wrapper\"><div class=\"wpb_text_column\"><div class=\"wpb_wrapper\"><p>Penny Sisto \u00e8 un&#039;artista di fama internazionale che ha esposto negli Stati Uniti e all&#039;estero. Tra le presentazioni internazionali delle sue opere figurano la mostra di una serie di trapunte dell&#039;Olocausto presso la Gatehouse di Auschwitz e una selezione delle sue trapunte della serie sulla schiavit\u00f9 esposta al Royal Armories Museum di Leeds, in Inghilterra, nel 2008. Ha vinto numerosi premi e riconoscimenti per le sue opere ed \u00e8 stata protagonista di due programmi televisivi pubblici. Sostenitrice della giustizia sociale e della pace, \u00e8 nota per i temi difficili, come l&#039;AIDS, la povert\u00e0 e il razzismo, che affronta nelle sue opere.<\/p>\n<p>Nata nelle Isole Orcadi, al largo della punta settentrionale della Scozia, Sisto inizi\u00f2 a imparare a cucire all&#039;et\u00e0 di tre anni. Da adulta, lavor\u00f2 per il Ministero britannico per lo Sviluppo d&#039;Oltremare, sfruttando le sue competenze di ostetrica per aiutare nelle cliniche sanitarie delle trib\u00f9 Masai, LuBukusu e Kikuyu dell&#039;Africa orientale. Il periodo trascorso in Africa la ispir\u00f2 a combinare le tecniche di quilting, ricamo e appliqu\u00e9 apprese dalla nonna con i metodi di perline e collage dei suoi amici africani, dando vita allo stile distintivo che caratterizza le sue opere oggi.<\/p>\n<p>Penny Sisto ha ricevuto numerose commissioni per quilt, tra cui quattro opere per l&#039;Abbazia del Getsemani, dove un quilt di 8,6x2,7 metri intitolato &quot;Cristo Risorto&quot; viene appeso ogni Pasqua e per i servizi funebri. Tra le altre collezioni che contengono opere di Sisto figurano: Sisters of Charity, Sisters of Loretto, Thomas Merton International Studies Center, Spalding University, Kennedy Family e il Peabody Essex Museum nel Massachusetts. Tra le borse di studio selezionate che Penny Sisto ha ricevuto figurano: Kentucky Foundation for Women, Indiana Arts Commission, Master Fellowship e New Directions and Southern Arts. Nel 1993, le \u00e8 stato conferito il Baha&#039;i Peace Award for Arts Promoting World Peace per la sua opera di promozione della pace e della giustizia.<\/p>\n<\/div><\/div><\/div><\/div><\/div><\/div><\/div><\/div><\/div><div class=\"vc_col-sm-4 wpb_column vc_column_container\"><div class=\"vc_column-inner\"><div class=\"wpb_wrapper\"><div class=\"wpb_text_column\"><div class=\"wpb_wrapper\"><p><strong>Ricevimento di apertura<br \/>\n<\/strong>Friday, October 11th, 6:30pm<\/p>\n<p><a href=\"https:\/\/www.franciscansusa.org\/it\/evento\/owls-and-antlers-opening-reception\/\">Maggiori informazioni<\/a><\/p>\n<p><strong>Date e orari della mostra:<br \/>\n<\/strong>Exhibit Runs: October 11th &#8211; November 27th<\/p>\n<p><a href=\"https:\/\/www.franciscansusa.org\/it\/evento\/owls-and-antlers\/\">Maggiori informazioni<\/a><\/p>\n<p>&nbsp;<\/p>\n<p><strong>\u00a0<\/strong><\/p>\n<\/div><\/div><div class=\"w-separator size_small\"><\/div><\/div><\/div><\/div><\/div><\/div><\/section>","protected":false},"featured_media":19823,"menu_order":0,"template":"","event_category":[101],"class_list":["post-19723","event","type-event","status-publish","has-post-thumbnail","hentry","event_category-past-events"],"publishpress_future_action":{"enabled":false,"date":"2026-09-07 04:36:42","action":"category","newStatus":"draft","terms":[],"taxonomy":"event_category","extraData":[]},"publishpress_future_workflow_manual_trigger":{"enabledWorkflows":[]},"_links":{"self":[{"href":"https:\/\/www.franciscansusa.org\/it\/wp-json\/wp\/v2\/event\/19723","targetHints":{"allow":["GET"]}}],"collection":[{"href":"https:\/\/www.franciscansusa.org\/it\/wp-json\/wp\/v2\/event"}],"about":[{"href":"https:\/\/www.franciscansusa.org\/it\/wp-json\/wp\/v2\/types\/event"}],"wp:featuredmedia":[{"embeddable":true,"href":"https:\/\/www.franciscansusa.org\/it\/wp-json\/wp\/v2\/media\/19823"}],"wp:attachment":[{"href":"https:\/\/www.franciscansusa.org\/it\/wp-json\/wp\/v2\/media?parent=19723"}],"wp:term":[{"taxonomy":"event_category","embeddable":true,"href":"https:\/\/www.franciscansusa.org\/it\/wp-json\/wp\/v2\/event_category?post=19723"}],"curies":[{"name":"wp","href":"https:\/\/api.w.org\/{rel}","templated":true}]}}

<section class="l-section wpb_row height_medium"><div class="l-section-h i-cf"><div class="g-cols vc_row via_flex valign_top type_default stacking_default"><div class="vc_col-sm-8 wpb_column vc_column_container"><div class="vc_column-inner"><div class="wpb_wrapper"><div class="w-image align_none"><div class="w-image-h"><img decoding="async" width="1024" height="660" src="https://www.franciscansusa.org/wp-content/uploads/2024/09/Screenshot-2024-09-18-at-3.10.59 PM-e1726686807579-1024x660.png" class="attachment-large size-large" alt="" loading="lazy" srcset="https://www.franciscansusa.org/wp-content/uploads/2024/09/Screenshot-2024-09-18-at-3.10.59 PM-e1726686807579-1024x660.png 1024w, https://www.franciscansusa.org/wp-content/uploads/2024/09/Screenshot-2024-09-18-at-3.10.59 PM-e1726686807579-300x193.png 300w, https://www.franciscansusa.org/wp-content/uploads/2024/09/Screenshot-2024-09-18-at-3.10.59 PM-e1726686807579-18x12.png 18w, https://www.franciscansusa.org/wp-content/uploads/2024/09/Screenshot-2024-09-18-at-3.10.59 PM-e1726686807579-150x97.png 150w, https://www.franciscansusa.org/wp-content/uploads/2024/09/Screenshot-2024-09-18-at-3.10.59 PM-e1726686807579-600x387.png 600w, https://www.franciscansusa.org/wp-content/uploads/2024/09/Screenshot-2024-09-18-at-3.10.59 PM-e1726686807579.png 1597w" sizes="auto, (max-width: 1024px) 100vw, 1024px" /></div></div><div class="w-separator size_small"></div><div class="wpb_text_column"><div class="wpb_wrapper"><h2>Owls and Antlers&#8230;Wisdom and Strength &#8211; Opening Reception</h2>
<p><strong>Data e ora:</strong> Friday, October 11th, 6:30 PM</p>
<p><strong>Place:</strong> Sala di Sant&#039;Antonio<br />
Monte San Francesco – Centro di Spiritualità<br />
101 St. Anthony Dr.<br />
Monte San Francesco, IN 47146</p>
<p>Join us for the opening reception of &#8220;Owls and Antlers&#8230;Wisdom and Strength,&#8221; a profound quilt exhibition by renowned artist Penny Sisto. Created in the wake of a life-altering heart attack, these quilts reflect Penny&#8217;s deep gratitude for life, family, friends, and the practices that sustain the spirit—art and yoga. Each piece in this collection is a testament to the wisdom we seek and the strength we muster as we navigate the winding paths of life.</p>
<p><strong>Dichiarazione dell&#039;artista</strong></p>
<p>It seems odd to give Thanks for a heart-attack..but that is what I do.</p>
<p>Standing in the studio, suddenly hit with the worst pain of this lifetime I was drenched in sweat and for some reason I knew immediately what it was and I laid my body down on the cold floor of the studio and steadied my breath.</p>
<p>Realizing that I had to get help quickly I slowly slid my body towards the studio door and called for Richard who was still out on the porch.</p>
<p>He heard me and I said,  ‘’Please call the ambulance at Highlander Point , I am having a heart-attack.” ..In less than five minutes they were here!</p>
<p>As I lay on the floor I felt little or no fear..the overwhelming experience was one of Gratitude for this long Life, for Family and friends, for Art and Yoga.</p>
<p>This group of quilts made during this period are echoes of what helps us deal with Life..Wisdom and Strength.</p>
<p>In no way do I claim to have mastered either of them, but like all of us I do consciously strive to grow closer as this Lifetime winds down.</p>
<p>Exhibit Runs: October 11th &#8211; November 27th</p>
<p>Date e orari della mostra:<br />
<b>Friday, October 11 &#8211; Opening Reception &#8211; 6:30 pm<br />
</b>Monday October 14 &#8211; 11:00 am – 2:00 pm<br />
Tuesday, October 15 &#8211; 11:00 am – 2:00 pm<br />
Wednesday, October 16, 11:00 am – 2:00 pm<br />
Wednesday, October 23, 11:00 am – 2:00 pm<br />
Monday, October 28, 11:00 am – 2:00 pm<br />
Tuesday, October 29, 11:00 am – 2:00 pm<br />
Wednesday, October 30, 11:00 am – 2:00 pm<br />
Wednesday, November 6, 11:00 am – 2:00 pm<br />
Thursday, November 7, 11:00 am – 2:00 pm<br />
Monday, November 11, 11:00 am – 2:00 pm<br />
Tuesday, November 12, 11:00 am – 2:00 pm<br />
Wednesday, November 20, 11:00 am – 2:00 pm<br />
Sunday, November 24, 11:00 am – 2:00 pm<br />
Monday, November 25, 11:00 am – 2:00 pm<br />
Tuesday, November 26, 11:00 am – 2:00 pm<br />
Wednesday, November 27, 11:00 am – 2:00 pm</p>
<p>Luogo: St. Anthony Hall<br />
Centro di spiritualità del Monte San Francesco<br />
101 St. Anthony Dr.<br />
Monte San Francesco, IN 47146</p>
</div></div><div class="w-separator size_medium"></div><div class="g-cols wpb_row via_flex valign_top type_default stacking_default"><div class="vc_col-sm-12 wpb_column vc_column_container"><div class="vc_column-inner"><div class="wpb_wrapper"><div class="wpb_text_column"><div class="wpb_wrapper"><h4>Incontra l&#039;artista</h4>
</div></div><div class="w-separator size_medium"></div></div></div></div><div class="vc_col-sm-4 wpb_column vc_column_container"><div class="vc_column-inner"><div class="wpb_wrapper"><div class="w-person layout_circle" itemscope itemtype="https://schema.org/Person"><div class="w-person-image"><img loading="lazy" decoding="async" width="800" height="800" src="https://www.franciscansusa.org/wp-content/uploads/2022/09/IMG_3351.jpg" class="attachment-full size-full" alt="" itemprop="image" srcset="https://www.franciscansusa.org/wp-content/uploads/2022/09/IMG_3351.jpg 800w, https://www.franciscansusa.org/wp-content/uploads/2022/09/IMG_3351-150x150.jpg 150w, https://www.franciscansusa.org/wp-content/uploads/2022/09/IMG_3351-300x300.jpg 300w, https://www.franciscansusa.org/wp-content/uploads/2022/09/IMG_3351-12x12.jpg 12w, https://www.franciscansusa.org/wp-content/uploads/2022/09/IMG_3351-600x600.jpg 600w, https://www.franciscansusa.org/wp-content/uploads/2022/09/IMG_3351-400x400.jpg 400w, https://www.franciscansusa.org/wp-content/uploads/2022/09/IMG_3351-25x25.jpg 25w" sizes="auto, (max-width: 800px) 100vw, 800px" /></div><div class="w-person-content"><h4 itemprop="name" class="w-person-name"><span>Penny Sisto</span></h4></div></div></div></div></div><div class="vc_col-sm-8 wpb_column vc_column_container"><div class="vc_column-inner"><div class="wpb_wrapper"><div class="wpb_text_column"><div class="wpb_wrapper"><p>Penny Sisto è un&#039;artista di fama internazionale che ha esposto negli Stati Uniti e all&#039;estero. Tra le presentazioni internazionali delle sue opere figurano la mostra di una serie di trapunte dell&#039;Olocausto presso la Gatehouse di Auschwitz e una selezione delle sue trapunte della serie sulla schiavitù esposta al Royal Armories Museum di Leeds, in Inghilterra, nel 2008. Ha vinto numerosi premi e riconoscimenti per le sue opere ed è stata protagonista di due programmi televisivi pubblici. Sostenitrice della giustizia sociale e della pace, è nota per i temi difficili, come l&#039;AIDS, la povertà e il razzismo, che affronta nelle sue opere.</p>
<p>Nata nelle Isole Orcadi, al largo della punta settentrionale della Scozia, Sisto iniziò a imparare a cucire all&#039;età di tre anni. Da adulta, lavorò per il Ministero britannico per lo Sviluppo d&#039;Oltremare, sfruttando le sue competenze di ostetrica per aiutare nelle cliniche sanitarie delle tribù Masai, LuBukusu e Kikuyu dell&#039;Africa orientale. Il periodo trascorso in Africa la ispirò a combinare le tecniche di quilting, ricamo e appliqué apprese dalla nonna con i metodi di perline e collage dei suoi amici africani, dando vita allo stile distintivo che caratterizza le sue opere oggi.</p>
<p>Penny Sisto ha ricevuto numerose commissioni per quilt, tra cui quattro opere per l&#039;Abbazia del Getsemani, dove un quilt di 8,6x2,7 metri intitolato &quot;Cristo Risorto&quot; viene appeso ogni Pasqua e per i servizi funebri. Tra le altre collezioni che contengono opere di Sisto figurano: Sisters of Charity, Sisters of Loretto, Thomas Merton International Studies Center, Spalding University, Kennedy Family e il Peabody Essex Museum nel Massachusetts. Tra le borse di studio selezionate che Penny Sisto ha ricevuto figurano: Kentucky Foundation for Women, Indiana Arts Commission, Master Fellowship e New Directions and Southern Arts. Nel 1993, le è stato conferito il Baha&#039;i Peace Award for Arts Promoting World Peace per la sua opera di promozione della pace e della giustizia.</p>
</div></div></div></div></div></div></div></div></div><div class="vc_col-sm-4 wpb_column vc_column_container"><div class="vc_column-inner"><div class="wpb_wrapper"><div class="wpb_text_column"><div class="wpb_wrapper"><p><strong>Ricevimento di apertura<br />
</strong>Friday, October 11th, 6:30pm</p>
<p><a href="https://www.franciscansusa.org/it/evento/owls-and-antlers-opening-reception/">Maggiori informazioni</a></p>
<p><strong>Date e orari della mostra:<br />
</strong>Exhibit Runs: October 11th &#8211; November 27th</p>
<p><a href="https://www.franciscansusa.org/it/evento/owls-and-antlers/">Maggiori informazioni</a></p>
<p>&nbsp;</p>
<p><strong> </strong></p>
</div></div><div class="w-separator size_small"></div></div></div></div></div></div></section>
